{"id":505,"date":"2016-12-21T14:59:14","date_gmt":"2016-12-21T13:59:14","guid":{"rendered":"http:\/\/2017.prague.wordcamp.org\/?page_id=505"},"modified":"2022-02-10T20:23:10","modified_gmt":"2022-02-10T19:23:10","slug":"media-loga","status":"publish","type":"page","link":"https:\/\/prague.wordcamp.org\/2022\/media-loga\/","title":{"rendered":"M\u00e9dia &#8211; loga a bannery"},"content":{"rendered":"\n<p>V\u00edce informac\u00ed o konferenci naleznete <a href=\"https:\/\/prague.wordcamp.org\/2022\/media-prvni-tiskova-zprava\/\">v tiskov\u00e9 zpr\u00e1v\u011b<\/a>. V p\u0159\u00edpad\u011b dotaz\u016f kontaktujte pros\u00edm <a href=\"mailto:jan.stetina@naswp.cz\">Honzu \u0160t\u011btinu<\/a> (hlavn\u00ed po\u0159adatel), nebo <a href=\"mailto:vladimir.smitka@lynt.cz\">Vladim\u00edra Smitku<\/a> (fakturace, m\u00e9dia).<\/p>\n\n\n\n<p><a href=\"https:\/\/drive.google.com\/file\/d\/1lt3CiOlb1iwoNtTEn2KqgZQEikROQZsi\/view?usp=sharing\" target=\"_blank\" rel=\"noreferrer noopener\">V\u0161echna loga a bannery najednou si m\u016f\u017eete st\u00e1hnout zde.<\/a><\/p>\n\n\n\n<h2 class=\"wp-block-heading\" id=\"logo-wordcamp-praha-2022\">Logo WordCamp Praha 2022<\/h2>\n\n\n\n<figure class=\"wp-block-image is-resized\"><img data-recalc-dims=\"1\" loading=\"lazy\" decoding=\"async\" src=\"https:\/\/i0.wp.com\/prague.wordcamp.org\/2022\/files\/2021\/10\/LOGO-22-bez-kraje-1.png?resize=242%2C243&#038;ssl=1\" alt=\"\" class=\"wp-image-13611\" width=\"242\" height=\"243\" srcset=\"https:\/\/i0.wp.com\/prague.wordcamp.org\/2022\/files\/2021\/10\/LOGO-22-bez-kraje-1.png?w=517&amp;ssl=1 517w, https:\/\/i0.wp.com\/prague.wordcamp.org\/2022\/files\/2021\/10\/LOGO-22-bez-kraje-1.png?resize=300%2C300&amp;ssl=1 300w, https:\/\/i0.wp.com\/prague.wordcamp.org\/2022\/files\/2021\/10\/LOGO-22-bez-kraje-1.png?resize=150%2C150&amp;ssl=1 150w, https:\/\/i0.wp.com\/prague.wordcamp.org\/2022\/files\/2021\/10\/LOGO-22-bez-kraje-1.png?resize=299%2C300&amp;ssl=1 299w\" sizes=\"auto, (max-width: 242px) 100vw, 242px\" \/><\/figure>\n\n\n\n<p>K\u00f3d pro vlo\u017een\u00ed:<\/p>\n\n\n\n<pre class=\"wp-block-code\"><code>&lt;a href=\"https:\/\/prague.wordcamp.org\/2022\/\"&gt;&lt;img src=\"https:\/\/prague.wordcamp.org\/2022\/files\/2021\/10\/LOGO-22-bez-kraje-1.png\" alt=\"WordCamp Praha 2022\" width=\"300\" height=\"300\" \/&gt;&lt;\/a&gt;<\/code><\/pre>\n\n\n\n<h2 class=\"wp-block-heading\" id=\"wapuu-wordcamp-praha\">Wapuu WordCamp Praha<\/h2>\n\n\n\n<figure class=\"wp-block-image size-medium\"><img data-recalc-dims=\"1\" loading=\"lazy\" decoding=\"async\" width=\"300\" height=\"300\" src=\"https:\/\/i0.wp.com\/prague.wordcamp.org\/2022\/files\/2016\/10\/cropped-wapuuking-1024x724-2.png?resize=300%2C300&#038;ssl=1\" alt=\"\" class=\"wp-image-4425\" srcset=\"https:\/\/i0.wp.com\/prague.wordcamp.org\/2022\/files\/2016\/10\/cropped-wapuuking-1024x724-2.png?resize=300%2C300&amp;ssl=1 300w, https:\/\/i0.wp.com\/prague.wordcamp.org\/2022\/files\/2016\/10\/cropped-wapuuking-1024x724-2.png?resize=150%2C150&amp;ssl=1 150w, https:\/\/i0.wp.com\/prague.wordcamp.org\/2022\/files\/2016\/10\/cropped-wapuuking-1024x724-2.png?w=512&amp;ssl=1 512w\" sizes=\"auto, (max-width: 300px) 100vw, 300px\" \/><\/figure>\n\n\n\n<p>K\u00f3d pro vlo\u017een\u00ed:<\/p>\n\n\n\n<pre class=\"wp-block-code\"><code>&lt;a href=\"https:\/\/prague.wordcamp.org\/2022\/\"&gt;&lt;img src=\"https:\/\/prague.wordcamp.org\/2022\/files\/2016\/10\/cropped-wapuuking-1024x724-2.png\" alt=\"WordCamp Praha 2022\" width=\"300\" height=\"300\" \/&gt;&lt;\/a&gt;<\/code><\/pre>\n\n\n\n<h2 class=\"wp-block-heading\" id=\"cover\">Cover<\/h2>\n\n\n\n<figure class=\"wp-block-image size-full\"><img data-recalc-dims=\"1\" loading=\"lazy\" decoding=\"async\" width=\"800\" height=\"420\" src=\"https:\/\/i0.wp.com\/prague.wordcamp.org\/2022\/files\/2022\/02\/LIVE-cover.jpg?resize=800%2C420&#038;ssl=1\" alt=\"\" class=\"wp-image-14334\" srcset=\"https:\/\/i0.wp.com\/prague.wordcamp.org\/2022\/files\/2022\/02\/LIVE-cover.jpg?w=1024&amp;ssl=1 1024w, https:\/\/i0.wp.com\/prague.wordcamp.org\/2022\/files\/2022\/02\/LIVE-cover.jpg?resize=300%2C158&amp;ssl=1 300w, https:\/\/i0.wp.com\/prague.wordcamp.org\/2022\/files\/2022\/02\/LIVE-cover.jpg?resize=768%2C404&amp;ssl=1 768w, https:\/\/i0.wp.com\/prague.wordcamp.org\/2022\/files\/2022\/02\/LIVE-cover.jpg?resize=500%2C263&amp;ssl=1 500w\" sizes=\"auto, (max-width: 800px) 100vw, 800px\" \/><\/figure>\n\n\n\n<p>K\u00f3d pro vlo\u017een\u00ed:<\/p>\n\n\n\n<div class=\"wp-block-columns is-layout-flex wp-container-core-columns-is-layout-9d6595d7 wp-block-columns-is-layout-flex\">\n<div class=\"wp-block-column is-layout-flow wp-block-column-is-layout-flow\" style=\"flex-basis:100%\">\n<div class=\"wp-block-group\"><div class=\"wp-block-group__inner-container is-layout-flow wp-block-group-is-layout-flow\">\n<pre class=\"wp-block-code\"><code>&lt;a href=\"https:\/\/prague.wordcamp.org\/2022\/\"&gt;&lt;img src=\"https:\/\/prague.wordcamp.org\/2022\/files\/2022\/02\/LIVE-cover.jpg\" alt=\"WordCamp Praha 2022\" width=\"1024\" height=\"538\" \/&gt;&lt;\/a&gt;<\/code><\/pre>\n<\/div><\/div>\n<\/div>\n<\/div>\n\n\n\n<h2 class=\"wp-block-heading\" id=\"banner-ja-tam-budu-a-ty\">Banner &#8222;J\u00e1 tam budu, a ty?&#8220;<\/h2>\n\n\n\n<figure class=\"wp-block-image size-full\"><img data-recalc-dims=\"1\" loading=\"lazy\" decoding=\"async\" width=\"250\" height=\"250\" src=\"https:\/\/i0.wp.com\/prague.wordcamp.org\/2022\/files\/2022\/02\/LIVE-ja-tam-budu-a-ty-250-250.jpg?resize=250%2C250&#038;ssl=1\" alt=\"\" class=\"wp-image-14336\" srcset=\"https:\/\/i0.wp.com\/prague.wordcamp.org\/2022\/files\/2022\/02\/LIVE-ja-tam-budu-a-ty-250-250.jpg?w=250&amp;ssl=1 250w, https:\/\/i0.wp.com\/prague.wordcamp.org\/2022\/files\/2022\/02\/LIVE-ja-tam-budu-a-ty-250-250.jpg?resize=150%2C150&amp;ssl=1 150w\" sizes=\"auto, (max-width: 250px) 100vw, 250px\" \/><\/figure>\n\n\n\n<p>K\u00f3d pro um\u00edst\u011bn\u00ed banneru:<\/p>\n\n\n\n<pre class=\"wp-block-code\"><code>&lt;a href=\"https:\/\/prague.wordcamp.org\/2022\/\"&gt;&lt;img src=\"https:\/\/prague.wordcamp.org\/2022\/files\/2022\/02\/LIVE-ja-tam-budu-a-ty-250-250.jpg\" alt=\"WordCamp Praha 2022\" width=\"250\" height=\"250\" \/&gt;&lt;\/a&gt;<\/code><\/pre>\n\n\n\n<figure class=\"wp-block-image size-full\"><img data-recalc-dims=\"1\" loading=\"lazy\" decoding=\"async\" width=\"300\" height=\"300\" src=\"https:\/\/i0.wp.com\/prague.wordcamp.org\/2022\/files\/2022\/02\/LIVE-ja-tam-budu-a-ty-300-300.jpg?resize=300%2C300&#038;ssl=1\" alt=\"\" class=\"wp-image-14338\" srcset=\"https:\/\/i0.wp.com\/prague.wordcamp.org\/2022\/files\/2022\/02\/LIVE-ja-tam-budu-a-ty-300-300.jpg?w=300&amp;ssl=1 300w, https:\/\/i0.wp.com\/prague.wordcamp.org\/2022\/files\/2022\/02\/LIVE-ja-tam-budu-a-ty-300-300.jpg?resize=150%2C150&amp;ssl=1 150w\" sizes=\"auto, (max-width: 300px) 100vw, 300px\" \/><\/figure>\n\n\n\n<p>K\u00f3d pro um\u00edst\u011bn\u00ed banneru:<\/p>\n\n\n\n<pre class=\"wp-block-code\"><code>&lt;a href=\"https:\/\/prague.wordcamp.org\/2022\/\"&gt;&lt;img src=\"https:\/\/prague.wordcamp.org\/2022\/files\/2022\/02\/LIVE-ja-tam-budu-a-ty-300-300.jpg\" alt=\"WordCamp Praha 2022\" width=\"300\" height=\"300\" \/&gt;&lt;\/a&gt;<\/code><\/pre>\n\n\n\n<h2 class=\"wp-block-heading\" id=\"banner-my-tam-budeme-a-vy\">Banner &#8222;My tam budeme, a vy?&#8220;<\/h2>\n\n\n\n<figure class=\"wp-block-image size-full\"><img data-recalc-dims=\"1\" loading=\"lazy\" decoding=\"async\" width=\"250\" height=\"250\" src=\"https:\/\/i0.wp.com\/prague.wordcamp.org\/2022\/files\/2022\/02\/LIVE-my-a-vy-250-250.jpg?resize=250%2C250&#038;ssl=1\" alt=\"\" class=\"wp-image-14339\" srcset=\"https:\/\/i0.wp.com\/prague.wordcamp.org\/2022\/files\/2022\/02\/LIVE-my-a-vy-250-250.jpg?w=250&amp;ssl=1 250w, https:\/\/i0.wp.com\/prague.wordcamp.org\/2022\/files\/2022\/02\/LIVE-my-a-vy-250-250.jpg?resize=150%2C150&amp;ssl=1 150w\" sizes=\"auto, (max-width: 250px) 100vw, 250px\" \/><\/figure>\n\n\n\n<p>K\u00f3d pro um\u00edst\u011bn\u00ed banneru:<\/p>\n\n\n\n<pre class=\"wp-block-code\"><code>&lt;a href=\"https:\/\/prague.wordcamp.org\/2022\/\"&gt;&lt;img src=\"https:\/\/prague.wordcamp.org\/2022\/files\/2022\/02\/LIVE-my-a-vy-250-250.jpg\" alt=\"WordCamp Praha 2022\" width=\"250\" height=\"250\" \/&gt;&lt;\/a&gt;<\/code><\/pre>\n\n\n\n<figure class=\"wp-block-image size-full\"><img data-recalc-dims=\"1\" loading=\"lazy\" decoding=\"async\" width=\"300\" height=\"300\" src=\"https:\/\/i0.wp.com\/prague.wordcamp.org\/2022\/files\/2022\/02\/LIVE-my-a-vy-300-300.jpg?resize=300%2C300&#038;ssl=1\" alt=\"\" class=\"wp-image-14340\" srcset=\"https:\/\/i0.wp.com\/prague.wordcamp.org\/2022\/files\/2022\/02\/LIVE-my-a-vy-300-300.jpg?w=300&amp;ssl=1 300w, https:\/\/i0.wp.com\/prague.wordcamp.org\/2022\/files\/2022\/02\/LIVE-my-a-vy-300-300.jpg?resize=150%2C150&amp;ssl=1 150w\" sizes=\"auto, (max-width: 300px) 100vw, 300px\" \/><\/figure>\n\n\n\n<p>K\u00f3d pro um\u00edst\u011bn\u00ed banneru:<\/p>\n\n\n\n<pre class=\"wp-block-code\"><code>&lt;a href=\"https:\/\/prague.wordcamp.org\/2022\/\"&gt;&lt;img src=\"https:\/\/prague.wordcamp.org\/2022\/files\/2022\/02\/LIVE-my-a-vy-300-300.jpg\" alt=\"WordCamp Praha 2022\" width=\"300\" height=\"300\" \/&gt;&lt;\/a&gt;<\/code><\/pre>\n\n\n\n<h2 class=\"wp-block-heading\" id=\"banner-zucastnim-se\">Banner &#8222;Z\u00fa\u010dastn\u00edm se&#8220;<\/h2>\n\n\n\n<figure class=\"wp-block-image size-full\"><img data-recalc-dims=\"1\" loading=\"lazy\" decoding=\"async\" width=\"250\" height=\"250\" src=\"https:\/\/i0.wp.com\/prague.wordcamp.org\/2022\/files\/2022\/02\/LIVE-zucastnim-se-250-250.jpg?resize=250%2C250&#038;ssl=1\" alt=\"\" class=\"wp-image-14341\" srcset=\"https:\/\/i0.wp.com\/prague.wordcamp.org\/2022\/files\/2022\/02\/LIVE-zucastnim-se-250-250.jpg?w=250&amp;ssl=1 250w, https:\/\/i0.wp.com\/prague.wordcamp.org\/2022\/files\/2022\/02\/LIVE-zucastnim-se-250-250.jpg?resize=150%2C150&amp;ssl=1 150w\" sizes=\"auto, (max-width: 250px) 100vw, 250px\" \/><\/figure>\n\n\n\n<p>K\u00f3d pro um\u00edst\u011bn\u00ed banneru:<\/p>\n\n\n\n<pre class=\"wp-block-code\"><code>&lt;a href=\"https:\/\/prague.wordcamp.org\/2022\/\"&gt;&lt;img src=\"https:\/\/prague.wordcamp.org\/2022\/files\/2022\/02\/LIVE-zucastnim-se-250-250.jpg\" alt=\"WordCamp Praha 2022\" width=\"250\" height=\"250\" \/&gt;&lt;\/a&gt;<\/code><\/pre>\n\n\n\n<figure class=\"wp-block-image size-full\"><img data-recalc-dims=\"1\" loading=\"lazy\" decoding=\"async\" width=\"300\" height=\"300\" src=\"https:\/\/i0.wp.com\/prague.wordcamp.org\/2022\/files\/2022\/02\/LIVE-zucastnim-se-300-300-1.jpg?resize=300%2C300&#038;ssl=1\" alt=\"\" class=\"wp-image-14351\" srcset=\"https:\/\/i0.wp.com\/prague.wordcamp.org\/2022\/files\/2022\/02\/LIVE-zucastnim-se-300-300-1.jpg?w=300&amp;ssl=1 300w, https:\/\/i0.wp.com\/prague.wordcamp.org\/2022\/files\/2022\/02\/LIVE-zucastnim-se-300-300-1.jpg?resize=150%2C150&amp;ssl=1 150w\" sizes=\"auto, (max-width: 300px) 100vw, 300px\" \/><\/figure>\n\n\n\n<p>K\u00f3d pro um\u00edst\u011bn\u00ed banneru:<\/p>\n\n\n\n<pre class=\"wp-block-code\"><code>&lt;a href=\"https:\/\/prague.wordcamp.org\/2022\/\"&gt;&lt;img src=\"https:\/\/prague.wordcamp.org\/2022\/files\/2022\/02\/LIVE-zucastnim-se-300-300.jpg\" alt=\"WordCamp Praha 2022\" width=\"300\" height=\"300\" \/&gt;&lt;\/a&gt;<\/code><\/pre>\n\n\n\n<h2 class=\"wp-block-heading\" id=\"banner-prohlednout-program\">Banner &#8222;Prohl\u00e9dnout program&#8220;<\/h2>\n\n\n\n<figure class=\"wp-block-image size-full\"><img data-recalc-dims=\"1\" loading=\"lazy\" decoding=\"async\" width=\"250\" height=\"250\" src=\"https:\/\/i0.wp.com\/prague.wordcamp.org\/2022\/files\/2022\/02\/LIVE-program-250-250.jpg?resize=250%2C250&#038;ssl=1\" alt=\"\" class=\"wp-image-14342\" srcset=\"https:\/\/i0.wp.com\/prague.wordcamp.org\/2022\/files\/2022\/02\/LIVE-program-250-250.jpg?w=250&amp;ssl=1 250w, https:\/\/i0.wp.com\/prague.wordcamp.org\/2022\/files\/2022\/02\/LIVE-program-250-250.jpg?resize=150%2C150&amp;ssl=1 150w\" sizes=\"auto, (max-width: 250px) 100vw, 250px\" \/><\/figure>\n\n\n\n<p>K\u00f3d pro um\u00edst\u011bn\u00ed banneru:<\/p>\n\n\n\n<pre class=\"wp-block-code\"><code>&lt;a href=\"https:\/\/prague.wordcamp.org\/2022\/\"&gt;&lt;img src=\"https:\/\/prague.wordcamp.org\/2022\/files\/2022\/02\/LIVE-program-250-250.jpg\" alt=\"WordCamp Praha 2022\" width=\"250\" height=\"250\" \/&gt;&lt;\/a&gt;<\/code><\/pre>\n\n\n\n<figure class=\"wp-block-image size-full\"><img data-recalc-dims=\"1\" loading=\"lazy\" decoding=\"async\" width=\"300\" height=\"300\" src=\"https:\/\/i0.wp.com\/prague.wordcamp.org\/2022\/files\/2022\/02\/LIVE-program-300-300.jpg?resize=300%2C300&#038;ssl=1\" alt=\"\" class=\"wp-image-14343\" srcset=\"https:\/\/i0.wp.com\/prague.wordcamp.org\/2022\/files\/2022\/02\/LIVE-program-300-300.jpg?w=300&amp;ssl=1 300w, https:\/\/i0.wp.com\/prague.wordcamp.org\/2022\/files\/2022\/02\/LIVE-program-300-300.jpg?resize=150%2C150&amp;ssl=1 150w\" sizes=\"auto, (max-width: 300px) 100vw, 300px\" \/><\/figure>\n\n\n\n<p>K\u00f3d pro um\u00edst\u011bn\u00ed banneru:<\/p>\n\n\n\n<pre class=\"wp-block-code\"><code>&lt;a href=\"https:\/\/prague.wordcamp.org\/2022\/\"&gt;&lt;img src=\"https:\/\/prague.wordcamp.org\/2022\/files\/2022\/02\/LIVE-program-300-300.jpg\" alt=\"WordCamp Praha 2022\" width=\"300\" height=\"300\" \/&gt;&lt;\/a&gt;<\/code><\/pre>\n\n\n\n<h2 class=\"wp-block-heading\" id=\"banner-registrace\">Banner &#8222;Registrace&#8220;<\/h2>\n\n\n\n<figure class=\"wp-block-image size-full\"><img data-recalc-dims=\"1\" loading=\"lazy\" decoding=\"async\" width=\"600\" height=\"500\" src=\"https:\/\/i0.wp.com\/prague.wordcamp.org\/2022\/files\/2022\/02\/LIVE-600-500.jpg?resize=600%2C500&#038;ssl=1\" alt=\"\" class=\"wp-image-14344\" srcset=\"https:\/\/i0.wp.com\/prague.wordcamp.org\/2022\/files\/2022\/02\/LIVE-600-500.jpg?w=600&amp;ssl=1 600w, https:\/\/i0.wp.com\/prague.wordcamp.org\/2022\/files\/2022\/02\/LIVE-600-500.jpg?resize=300%2C250&amp;ssl=1 300w, https:\/\/i0.wp.com\/prague.wordcamp.org\/2022\/files\/2022\/02\/LIVE-600-500.jpg?resize=360%2C300&amp;ssl=1 360w\" sizes=\"auto, (max-width: 600px) 100vw, 600px\" \/><\/figure>\n\n\n\n<p>K\u00f3d pro um\u00edst\u011bn\u00ed banneru:<\/p>\n\n\n\n<pre class=\"wp-block-code\"><code>&lt;a href=\"https:\/\/prague.wordcamp.org\/2022\/\"&gt;&lt;img src=\"https:\/\/prague.wordcamp.org\/2022\/files\/2022\/02\/LIVE-600-500.jpg\" alt=\"WordCamp Praha 2022\" width=\"600\" height=\"500\" \/&gt;&lt;\/a&gt;<\/code><\/pre>\n\n\n\n<figure class=\"wp-block-image size-full\"><img data-recalc-dims=\"1\" loading=\"lazy\" decoding=\"async\" width=\"250\" height=\"250\" src=\"https:\/\/i0.wp.com\/prague.wordcamp.org\/2022\/files\/2022\/02\/LIVE-250-250-registrace.jpg?resize=250%2C250&#038;ssl=1\" alt=\"\" class=\"wp-image-14346\" srcset=\"https:\/\/i0.wp.com\/prague.wordcamp.org\/2022\/files\/2022\/02\/LIVE-250-250-registrace.jpg?w=250&amp;ssl=1 250w, https:\/\/i0.wp.com\/prague.wordcamp.org\/2022\/files\/2022\/02\/LIVE-250-250-registrace.jpg?resize=150%2C150&amp;ssl=1 150w\" sizes=\"auto, (max-width: 250px) 100vw, 250px\" \/><\/figure>\n\n\n\n<p>K\u00f3d pro um\u00edst\u011bn\u00ed banneru:<\/p>\n\n\n\n<pre class=\"wp-block-code\"><code>&lt;a href=\"https:\/\/prague.wordcamp.org\/2022\/\"&gt;&lt;img src=\"https:\/\/prague.wordcamp.org\/2022\/files\/2022\/02\/LIVE-250-250-registrace.jpg\" alt=\"WordCamp Praha 2022\" width=\"250\" height=\"250\" \/&gt;&lt;\/a&gt;<\/code><\/pre>\n\n\n\n<figure class=\"wp-block-image size-full\"><img data-recalc-dims=\"1\" loading=\"lazy\" decoding=\"async\" width=\"310\" height=\"100\" src=\"https:\/\/i0.wp.com\/prague.wordcamp.org\/2022\/files\/2022\/02\/LIVE-bez-tlacitka-310-100.jpg?resize=310%2C100&#038;ssl=1\" alt=\"\" class=\"wp-image-14347\" srcset=\"https:\/\/i0.wp.com\/prague.wordcamp.org\/2022\/files\/2022\/02\/LIVE-bez-tlacitka-310-100.jpg?w=310&amp;ssl=1 310w, https:\/\/i0.wp.com\/prague.wordcamp.org\/2022\/files\/2022\/02\/LIVE-bez-tlacitka-310-100.jpg?resize=300%2C97&amp;ssl=1 300w\" sizes=\"auto, (max-width: 310px) 100vw, 310px\" \/><\/figure>\n\n\n\n<p>K\u00f3d pro um\u00edst\u011bn\u00ed banneru:<\/p>\n\n\n\n<pre class=\"wp-block-code\"><code>&lt;a href=\"https:\/\/prague.wordcamp.org\/2022\/\"&gt;&lt;img src=\"https:\/\/prague.wordcamp.org\/2022\/files\/2022\/02\/LIVE-bez-tlacitka-310-100.jpg\" alt=\"WordCamp Praha 2022\" width=\"310\" height=\"100\" \/&gt;&lt;\/a&gt;<\/code><\/pre>\n\n\n\n<h2 class=\"wp-block-heading\" id=\"banner-bez-tlacitka\">Banner bez tla\u010d\u00edtka<\/h2>\n\n\n\n<figure class=\"wp-block-image size-full\"><img data-recalc-dims=\"1\" loading=\"lazy\" decoding=\"async\" width=\"310\" height=\"100\" src=\"https:\/\/i0.wp.com\/prague.wordcamp.org\/2022\/files\/2022\/02\/LIVE-registrace-310-100.jpg?resize=310%2C100&#038;ssl=1\" alt=\"\" class=\"wp-image-14348\" srcset=\"https:\/\/i0.wp.com\/prague.wordcamp.org\/2022\/files\/2022\/02\/LIVE-registrace-310-100.jpg?w=310&amp;ssl=1 310w, https:\/\/i0.wp.com\/prague.wordcamp.org\/2022\/files\/2022\/02\/LIVE-registrace-310-100.jpg?resize=300%2C97&amp;ssl=1 300w\" sizes=\"auto, (max-width: 310px) 100vw, 310px\" \/><\/figure>\n\n\n\n<p>K\u00f3d pro um\u00edst\u011bn\u00ed banneru:<\/p>\n\n\n\n<pre class=\"wp-block-code\"><code>&lt;a href=\"https:\/\/prague.wordcamp.org\/2022\/\"&gt;&lt;img src=\"https:\/\/prague.wordcamp.org\/2022\/files\/2022\/02\/LIVE-registrace-310-100.jpg\" alt=\"WordCamp Praha 2022\" width=\"310\" height=\"100\" \/&gt;&lt;\/a&gt;<\/code><\/pre>\n","protected":false},"excerpt":{"rendered":"<p>V\u00edce informac\u00ed o konferenci naleznete v tiskov\u00e9 zpr\u00e1v\u011b. V p\u0159\u00edpad\u011b dotaz\u016f kontaktujte pros\u00edm Honzu \u0160t\u011btinu (hlavn\u00ed po\u0159adatel), nebo Vladim\u00edra Smitku (fakturace, m\u00e9dia). V\u0161echna loga a bannery najednou si m\u016f\u017eete st\u00e1hnout zde. Logo WordCamp Praha 2022 K\u00f3d pro vlo\u017een\u00ed: Wapuu WordCamp Praha K\u00f3d pro vlo\u017een\u00ed: Cover K\u00f3d pro vlo\u017een\u00ed: Banner &#8222;J\u00e1 tam budu, a ty?&#8220; K\u00f3d &hellip; <a href=\"https:\/\/prague.wordcamp.org\/2022\/media-loga\/\" class=\"more-link\">Pokra\u010dovat ve \u010dten\u00ed<span class=\"screen-reader-text\"> &#8222;M\u00e9dia &#8211; loga a bannery&#8220;<\/span><\/a><\/p>\n","protected":false},"author":7429152,"featured_media":0,"parent":0,"menu_order":0,"comment_status":"closed","ping_status":"closed","template":"","meta":{"advanced_seo_description":"","jetpack_seo_html_title":"","jetpack_seo_noindex":false,"jetpack_post_was_ever_published":false,"footnotes":""},"class_list":["post-505","page","type-page","status-publish","hentry"],"jetpack-related-posts":[{"id":13667,"url":"https:\/\/prague.wordcamp.org\/2022\/media-prvni-tiskova-zprava\/","url_meta":{"origin":505,"position":0},"title":"M\u00e9dia &#8211; prvn\u00ed tiskov\u00e1 zpr\u00e1va","author":"freedomdsgnr","date":"16. 11. 2021","format":false,"excerpt":"V p\u0159\u00edpad\u011b dotaz\u016f kontaktujte pros\u00edm Jana \u0160t\u011btinu (hlavn\u00edho po\u0159adatele \u2013 jan.stetina@naswp.cz, +420 799 797 065), nebo Vladim\u00edra Smitku (fakturace, m\u00e9dia \u2013 vladimir.smitka@lynt.cz). P\u0159ipojte se na WordCamp Praha 2022 \u2013 nejv\u011bt\u0161\u00ed online konferenci v \u010cR a na Slovensku (nejen) o WordPressu WordCamp Praha je nejv\u011bt\u0161\u00ed konferenc\u00ed o WordPressu v\u00a0\u010cesk\u00e9 republice a\u2026","rel":"","context":"Similar post","block_context":{"text":"Similar post","link":""},"img":{"alt_text":"","src":"https:\/\/i0.wp.com\/s.w.org\/images\/backgrounds\/wordpress-bg-medblue.png?resize=350%2C200&ssl=1","width":350,"height":200},"classes":[]},{"id":9297,"url":"https:\/\/prague.wordcamp.org\/2022\/media\/","url_meta":{"origin":505,"position":1},"title":"WordCamp Praha Live jako interaktivn\u00ed setk\u00e1n\u00ed","author":"Vlasta Ott","date":"27. 1. 2020","format":false,"excerpt":"Leto\u0161n\u00ed konference v\u011bnovan\u00e1 WordPressu prob\u011bhne v sobotu 26. \u00fanora 2022 jako interaktivn\u00ed setk\u00e1n\u00ed op\u011bt v online prost\u0159ed\u00ed. Organiz\u00e1to\u0159i se rozhodli akci rozh\u00fdbat t\u00edm, \u017ee krom\u011b p\u0159edn\u00e1\u0161ek p\u0159ipravili tak\u00e9 tematick\u00e9 panely s \u017eivou diskuz\u00ed. Aktivn\u00ed zapojen\u00ed n\u00e1v\u0161t\u011bvn\u00edk\u016f do diskuz\u00ed, s\u00e1zka na autenticitu, absence nahr\u00e1v\u00e1n\u00ed a prom\u011bnliv\u00fd program jsou znaky leto\u0161n\u00ed konference\u2026","rel":"","context":"Similar post","block_context":{"text":"Similar post","link":""},"img":{"alt_text":"","src":"https:\/\/i0.wp.com\/s.w.org\/images\/backgrounds\/wordpress-bg-medblue.png?resize=350%2C200&ssl=1","width":350,"height":200},"classes":[]},{"id":272,"url":"https:\/\/prague.wordcamp.org\/2022\/en\/sponsors\/","url_meta":{"origin":505,"position":2},"title":"Sponsors","author":"Jan \u0160t\u011btina","date":"22. 5. 2019","format":false,"excerpt":"Interested in sponsoring WordCamp this year?\u00a0Check out our\u00a0Call for Sponsors\u00a0post for details on how you can help make this year\u2019s WordCamp the best it can be! Gold Sponsors Seznam.cz - is a technology and media house Services and products of Seznam.cz such as Search, Mapy.cz, Stream.cz, Firmy.cz or E-mail.cz are\u2026","rel":"","context":"Similar post","block_context":{"text":"Similar post","link":""},"img":{"alt_text":"","src":"https:\/\/i0.wp.com\/prague.wordcamp.org\/2022\/files\/2022\/01\/seznam-background.png?resize=350%2C200&ssl=1","width":350,"height":200,"srcset":"https:\/\/i0.wp.com\/prague.wordcamp.org\/2022\/files\/2022\/01\/seznam-background.png?resize=350%2C200&ssl=1 1x, https:\/\/i0.wp.com\/prague.wordcamp.org\/2022\/files\/2022\/01\/seznam-background.png?resize=525%2C300&ssl=1 1.5x, https:\/\/i0.wp.com\/prague.wordcamp.org\/2022\/files\/2022\/01\/seznam-background.png?resize=700%2C400&ssl=1 2x"},"classes":[]}],"jetpack_sharing_enabled":true,"_links":{"self":[{"href":"https:\/\/prague.wordcamp.org\/2022\/wp-json\/wp\/v2\/pages\/505","targetHints":{"allow":["GET"]}}],"collection":[{"href":"https:\/\/prague.wordcamp.org\/2022\/wp-json\/wp\/v2\/pages"}],"about":[{"href":"https:\/\/prague.wordcamp.org\/2022\/wp-json\/wp\/v2\/types\/page"}],"author":[{"embeddable":true,"href":"https:\/\/prague.wordcamp.org\/2022\/wp-json\/wp\/v2\/users\/7429152"}],"replies":[{"embeddable":true,"href":"https:\/\/prague.wordcamp.org\/2022\/wp-json\/wp\/v2\/comments?post=505"}],"version-history":[{"count":31,"href":"https:\/\/prague.wordcamp.org\/2022\/wp-json\/wp\/v2\/pages\/505\/revisions"}],"predecessor-version":[{"id":14382,"href":"https:\/\/prague.wordcamp.org\/2022\/wp-json\/wp\/v2\/pages\/505\/revisions\/14382"}],"wp:attachment":[{"href":"https:\/\/prague.wordcamp.org\/2022\/wp-json\/wp\/v2\/media?parent=505"}],"curies":[{"name":"wp","href":"https:\/\/api.w.org\/{rel}","templated":true}]}}