{"id":273,"date":"2019-05-22T13:48:03","date_gmt":"2019-05-22T13:48:03","guid":{"rendered":"https:\/\/2020.prague.wordcamp.org\/contact\/"},"modified":"2021-12-02T20:22:55","modified_gmt":"2021-12-02T19:22:55","slug":"contact","status":"publish","type":"page","link":"https:\/\/prague.wordcamp.org\/2022\/en\/contact\/","title":{"rendered":"Contact"},"content":{"rendered":"\n<p>If you have any questions about the conference, please use the following form: <\/p>\n\n\n<div data-test='contact-form'\n\t\t\tid='contact-form-273'\n\t\t\tclass='wp-block-jetpack-contact-form-container '\n\t\t\tdata-wp-interactive='jetpack\/form' data-wp-context='{\"formId\":\"273\",\"formHash\":\"6b8ff0afa98fb0b1acb512ee6d5b1b90e9e33c04\",\"showErrors\":false,\"errors\":[],\"fields\":[],\"isMultiStep\":false,\"useAjax\":true,\"submissionData\":null,\"formattedSubmissionData\":[],\"submissionSuccess\":false,\"submissionError\":null,\"elementId\":\"jp-form-6b8ff0afa98fb0b1acb512ee6d5b1b90e9e33c04\",\"isSingleInputForm\":false}'\n\t\t\tdata-wp-watch--scroll-to-wrapper=\"callbacks.scrollToWrapper\"\n\t\t>\n<div class=\"contact-form-submission contact-form-ajax-submission\" data-wp-bind--aria-hidden=\"state.isSuccessMessageAriaHidden\" data-wp-class--submission-success=\"context.submissionSuccess\" id=\"contact-form-success-6b8ff0afa98fb0b1acb512ee6d5b1b90e9e33c04\" tabindex=\"-1\" aria-labelledby=\"contact-form-success-header-6b8ff0afa98fb0b1acb512ee6d5b1b90e9e33c04\"><p class=\"go-back-message\"><a class=\"link\" role=\"button\" tabindex=\"0\" data-wp-on--click=\"actions.goBack\" href=\"\/2022\/wp-json\/wp\/v2\/pages\/273\">\u2190 Back<\/a><\/p><h4 data-wp-bind--aria-hidden=\"state.isSuccessMessageAriaHidden\" id=\"contact-form-success-header-6b8ff0afa98fb0b1acb512ee6d5b1b90e9e33c04\">Your message has been sent<\/h4>\n\n<div class=\"jetpack_forms_contact-form-custom-success-message\">Thank you for your submission! We&#8217;ll get back to you as soon as possible.<\/div><\/div><form action='https:\/\/prague.wordcamp.org\/2022\/en\/contact\/'\n\t\t\t\tid='jp-form-6b8ff0afa98fb0b1acb512ee6d5b1b90e9e33c04'\n\t\t\t\tmethod='post'\n\t\t\t\tclass='contact-form commentsblock wp-block-jetpack-contact-form' aria-label=\"Contact\"\n\t\t\t\tdata-wp-on--submit=\"actions.onFormSubmit\"\n\t\t\t\tdata-wp-on--reset=\"actions.onFormReset\"\n\t\t\t\tdata-wp-class--submission-success=\"context.submissionSuccess\"\n\t\t\t\tdata-wp-class--is-first-step=\"state.isFirstStep\"\n\t\t\t\tdata-wp-class--is-last-step=\"state.isLastStep\"\n\t\t\t\tdata-wp-class--is-ajax-form=\"context.useAjax\"\n\t\t\t\tnovalidate >\n<input type='hidden' name='jetpack_contact_form_jwt' value='eyJ0eXAiOiJKV1QiLCJhbGciOiJIUzI1NiJ9.eyJlbmNyeXB0ZWRfYXR0cmlidXRlcyI6IjZWTGZsK2VOMnQzYWpuOGR2Y1lvSXptckVYeE9sS0h5aTJERGk0d0RiaG1CRG4wby9ZMlBwbnBkbEtZcHVIRDJzQ2VYYUZuU0phcmhqS3VUMGdtZlBzUWxHeFRiQlo1VFRiZ2x1WlJ0VXRzaDcwK1BtR2FySSt1MEpoci9HVWtLNnlHMVVUYndUNW9LaHo1RzF5OHdjWFZiMEpCbTYwQ0ZISlhBQXZNNHlCcmJ5ck9oQkJEMGE2dHZjMHR0ZjRqU2UrWUJ4dnN5M0NBdVduRmRPeFdJL2FnRkJCbDNGayt4OUQ3Z0licmdOWERIMWlUSTJrSklCbXh6OG9SdEkyMW1zRUNlbGY2THVNSmRxblZwYnJBTVYvMVRGL0kvdzcwRW9ETzVaVlpESUtldU9ZNWVmK09TYUp1QjNYUFRxZ21CODl3ckwrZGx5UE9Xcll6aXA1aWdnSURkbGViVE5rRDMrdXlzbUphN0M0N21sWjFEM2VUYk9hWVV4Q2xnNlA2aisycjBmTjRWSklyZnpKNS9ZenhLSnQxM0N5YzgvMGRDd1hSZXM2LzB4bGUwbkl0MDdzbVFSKzZiM2JxTGMvR3N1aEoxNW9CLzBHZ1Q4RmhzTUpvbHZUY1k5RmpkcWFaRFpjQkVVOHh0R0dEOVRaYkdJMCtBa2dOb1FhWmpoeFdOMFVHenhSa005V0dOTkJvQjJVMFVUNm5nVCsxcWxETGptclJNbWZ3SllYc2NEUGlYeXFiVFB5aUt4UGVHREltNXd0YXlEYkxxRUVNcW9ncGZBTzQ0KzdLOTd6Um5zUHFHbVo5U3NVT1BRZ1VHUlZOdnNDVldpc0lsYjJkek8xZmNKVVRrNkJlZ2pXZ3JiNUJJUzRIRXpDRnhyYmRrdTFBdjJpaG9jbE1MdVdHNTdzdjByd3puUUw1MW9lRUljVWg3YSs3YnVzSkFGOFpjT2xiUmZQNVdVTGpQbGkxa1h6ejd6UHRQU0k3MXVhR1JEOXByOFhBdlRqZGY0M2k1Z2I1cUVmc2VJWnA0bVJwTXNhbmpPcE11bVRvRUhZVHdlckNVN3N2VW9KZGhYMU1FWUs0L09Eb09TUm5icWtOVFZDQzVNaUE3am93aHhkcFdPMW5saDNISlNYSnlZN29SWGNBWVRkQm1ERWJqcU5RU3hscWxxdmFrckJ2UVJPcDlkOG83WTdMZy9LdDM0NWJMb0ZPZS9RdWgzdjBzVkVVZGNxTGRuWGl4b1VNKzlxZEgvL0N4ZStSbnZuUEVibll1cnMvWjFIV0ZKbWtzaVBCMjFDMTVFanM3TmxDK3JaUWxPYi82MkZmS0wwRHZSMGNqL0RvSFZ1RGhCbXRXeG11UnVndVQ0dz09IiwiY29udGVudCI6IlxuW2NvbnRhY3QtZmllbGQgcmVxdWlyZWQ9XCIxXCIgdHlwZT1cIm5hbWVcIiBsYWJlbD1cIk5hbWVcIi9dXG5cbltjb250YWN0LWZpZWxkIHJlcXVpcmVkPVwiMVwiIHR5cGU9XCJlbWFpbFwiIGxhYmVsPVwiRW1haWxcIi9dXG5cbltjb250YWN0LWZpZWxkIHR5cGU9XCJ0ZXh0YXJlYVwiIGxhYmVsPVwiTWVzc2FnZVwiL11cblxuPGRpdiBjbGFzcz1cIndwLWJsb2NrLWpldHBhY2stYnV0dG9uIHdwLWJsb2NrLWJ1dHRvblwiIHN0eWxlPVwiXCI-PGJ1dHRvbiBjbGFzcz1cIndwLWJsb2NrLWJ1dHRvbl9fbGlua1wiIHN0eWxlPVwiXCIgZGF0YS1pZC1hdHRyPVwicGxhY2Vob2xkZXJcIiB0eXBlPVwic3VibWl0XCIgZGF0YS13cC1jbGFzcy0taXMtc3VibWl0dGluZz1cInN0YXRlLmlzU3VibWl0dGluZ1wiIGRhdGEtd3AtYmluZC0tYXJpYS1kaXNhYmxlZD1cInN0YXRlLmlzQXJpYURpc2FibGVkXCI-U3VibWl0PHNwYW4gY2xhc3M9XCJzcGlubmVyXCIgYXJpYS1oaWRkZW49XCJ0cnVlXCI-PHN2ZyB3aWR0aD1cIjI0XCIgaGVpZ2h0PVwiMjRcIiB2aWV3Qm94PVwiMCAwIDI0IDI0XCIgeG1sbnM9XCJodHRwOi8vd3d3LnczLm9yZy8yMDAwL3N2Z1wiPjxwYXRoIGQ9XCJNMTIsMUExMSwxMSwwLDEsMCwyMywxMiwxMSwxMSwwLDAsMCwxMiwxWm0wLDE5YTgsOCwwLDEsMSw4LThBOCw4LDAsMCwxLDEyLDIwWlwiIG9wYWNpdHk9XCIuMjVcIi8-PHBhdGggZD1cIk0xMC4xNCwxLjE2YTExLDExLDAsMCwwLTksOC45MkExLjU5LDEuNTksMCwwLDAsMi40NiwxMiwxLjUyLDEuNTIsMCwwLDAsNC4xMSwxMC43YTgsOCwwLDAsMSw2LjY2LTYuNjFBMS40MiwxLjQyLDAsMCwwLDEyLDIuNjloMEExLjU3LDEuNTcsMCwwLDAsMTAuMTQsMS4xNlpcIj48YW5pbWF0ZVRyYW5zZm9ybSBhdHRyaWJ1dGVOYW1lPVwidHJhbnNmb3JtXCIgdHlwZT1cInJvdGF0ZVwiIGR1cj1cIjAuNzVzXCIgdmFsdWVzPVwiMCAxMiAxMjszNjAgMTIgMTJcIiByZXBlYXRDb3VudD1cImluZGVmaW5pdGVcIi8-PC9wYXRoPjwvc3ZnPjxzcGFuIGNsYXNzPVwiaXMtdmlzdWFsbHktaGlkZGVuXCI-U3VibWl0dGluZyBmb3JtPC9zcGFuPjwvc3Bhbj48L2J1dHRvbj48L2Rpdj5cbiIsImhhc2giOiI2YjhmZjBhZmE5OGZiMGIxYWNiNTEyZWU2ZDViMWI5MGU5ZTMzYzA0Iiwic291cmNlIjp7ImVudHJ5X3RpdGxlIjoiQ29udGFjdCIsImVudHJ5X3BhZ2UiOjEsInNvdXJjZV9pZCI6MjczLCJzb3VyY2VfdHlwZSI6InNpbmdsZSIsInJlcXVlc3RfdXJsIjoiaHR0cHM6Ly9wcmFndWUud29yZGNhbXAub3JnLzIwMjIvd3AtanNvbi93cC92Mi9wYWdlcy8yNzMifSwidmVyc2lvbiI6MiwiY2lwaGVyIjoiYWVzLTI1Ni1nY20ifQ.3sNtuAnEtlfgipPyQOUAL07kbg1vrAeq8sEbjbGxm5c' \/>\n\n\n<div style=\"\"  data-wp-interactive=\"jetpack\/form\" data-wp-context='{\"fieldId\":\"g273-name\",\"fieldType\":\"name\",\"fieldLabel\":\"Name\",\"fieldValue\":\"\",\"fieldPlaceholder\":\"\",\"fieldIsRequired\":\"1\",\"fieldErrorMessage\":\"\",\"fieldExtra\":[],\"formHash\":\"6b8ff0afa98fb0b1acb512ee6d5b1b90e9e33c04\"}'  class='grunion-field-name-wrap grunion-field-wrap'  data-wp-init='callbacks.initializeField' data-wp-on--jetpack-form-reset='callbacks.initializeField' >\n<label\n\t\t\t\tfor='g273-name' class=\"grunion-field-label name\" >Name<span class=\"grunion-label-required\" aria-hidden=\"true\">(required)<\/span><\/label>\n<input\n\t\t\t\t\ttype='text'\n\t\t\t\t\tname='g273-name'\n\t\t\t\t\tid='g273-name'\n\t\t\t\t\tvalue=''\n\n\t\t\t\t\tdata-wp-bind--aria-invalid='state.fieldAriaInvalid'\n\t\t\t\t\tdata-wp-bind--value='state.getFieldValue'\n\t\t\t\t\taria-describedby='g273-name-text-error-message'\n\t\t\t\t\tdata-wp-on--input='actions.onFieldChange'\n\t\t\t\t\tdata-wp-on--blur='actions.onFieldBlur'\n\t\t\t\t\tdata-wp-class--has-value='state.hasFieldValue'\n\n\t\t\t\t\tclass='name  grunion-field' \n\t\t\t\t\trequired='true' aria-required='true'  \/>\n \n\t\t\t<div id=\"g273-name-text-error\" class=\"contact-form__input-error\" data-wp-class--has-errors=\"state.fieldHasErrors\">\n\t\t\t\t<span class=\"contact-form__warning-icon\" aria-hidden=\"true\">\n\t\t\t\t\t<svg width=\"16\" height=\"16\" viewBox=\"0 0 16 16\" fill=\"none\" xmlns=\"http:\/\/www.w3.org\/2000\/svg\">\n\t\t\t\t\t\t<path d=\"M8.50015 11.6402H7.50015V10.6402H8.50015V11.6402Z\" \/>\n\t\t\t\t\t\t<path d=\"M7.50015 9.64018H8.50015V6.30684H7.50015V9.64018Z\" \/>\n\t\t\t\t\t\t<path fill-rule=\"evenodd\" clip-rule=\"evenodd\" d=\"M6.98331 3.0947C7.42933 2.30177 8.57096 2.30177 9.01698 3.09469L13.8771 11.7349C14.3145 12.5126 13.7525 13.4735 12.8602 13.4735H3.14004C2.24774 13.4735 1.68575 12.5126 2.12321 11.7349L6.98331 3.0947ZM8.14541 3.58496C8.08169 3.47168 7.9186 3.47168 7.85488 3.58496L2.99478 12.2251C2.93229 12.3362 3.01257 12.4735 3.14004 12.4735H12.8602C12.9877 12.4735 13.068 12.3362 13.0055 12.2251L8.14541 3.58496Z\" \/>\n\t\t\t\t\t<\/svg>\n\t\t\t\t<\/span>\n\t\t\t\t<span data-wp-text=\"state.errorMessage\" id=\"g273-name-text-error-message\"><\/span>\n\t\t\t<\/div> \n\t<\/div>\n\n\n\n<div style=\"\"  data-wp-interactive=\"jetpack\/form\" data-wp-context='{\"fieldId\":\"g273-email\",\"fieldType\":\"email\",\"fieldLabel\":\"Email\",\"fieldValue\":\"\",\"fieldPlaceholder\":\"\",\"fieldIsRequired\":\"1\",\"fieldErrorMessage\":\"\",\"fieldExtra\":[],\"formHash\":\"6b8ff0afa98fb0b1acb512ee6d5b1b90e9e33c04\"}'  class='grunion-field-email-wrap grunion-field-wrap'  data-wp-init='callbacks.initializeField' data-wp-on--jetpack-form-reset='callbacks.initializeField' >\n<label\n\t\t\t\tfor='g273-email' class=\"grunion-field-label email\" >Email<span class=\"grunion-label-required\" aria-hidden=\"true\">(required)<\/span><\/label>\n<input\n\t\t\t\t\ttype='email'\n\t\t\t\t\tname='g273-email'\n\t\t\t\t\tid='g273-email'\n\t\t\t\t\tvalue=''\n\n\t\t\t\t\tdata-wp-bind--aria-invalid='state.fieldAriaInvalid'\n\t\t\t\t\tdata-wp-bind--value='state.getFieldValue'\n\t\t\t\t\taria-describedby='g273-email-email-error-message'\n\t\t\t\t\tdata-wp-on--input='actions.onFieldChange'\n\t\t\t\t\tdata-wp-on--blur='actions.onFieldBlur'\n\t\t\t\t\tdata-wp-class--has-value='state.hasFieldValue'\n\n\t\t\t\t\tclass='email  grunion-field' \n\t\t\t\t\trequired='true' aria-required='true'  \/>\n \n\t\t\t<div id=\"g273-email-email-error\" class=\"contact-form__input-error\" data-wp-class--has-errors=\"state.fieldHasErrors\">\n\t\t\t\t<span class=\"contact-form__warning-icon\" aria-hidden=\"true\">\n\t\t\t\t\t<svg width=\"16\" height=\"16\" viewBox=\"0 0 16 16\" fill=\"none\" xmlns=\"http:\/\/www.w3.org\/2000\/svg\">\n\t\t\t\t\t\t<path d=\"M8.50015 11.6402H7.50015V10.6402H8.50015V11.6402Z\" \/>\n\t\t\t\t\t\t<path d=\"M7.50015 9.64018H8.50015V6.30684H7.50015V9.64018Z\" \/>\n\t\t\t\t\t\t<path fill-rule=\"evenodd\" clip-rule=\"evenodd\" d=\"M6.98331 3.0947C7.42933 2.30177 8.57096 2.30177 9.01698 3.09469L13.8771 11.7349C14.3145 12.5126 13.7525 13.4735 12.8602 13.4735H3.14004C2.24774 13.4735 1.68575 12.5126 2.12321 11.7349L6.98331 3.0947ZM8.14541 3.58496C8.08169 3.47168 7.9186 3.47168 7.85488 3.58496L2.99478 12.2251C2.93229 12.3362 3.01257 12.4735 3.14004 12.4735H12.8602C12.9877 12.4735 13.068 12.3362 13.0055 12.2251L8.14541 3.58496Z\" \/>\n\t\t\t\t\t<\/svg>\n\t\t\t\t<\/span>\n\t\t\t\t<span data-wp-text=\"state.errorMessage\" id=\"g273-email-email-error-message\"><\/span>\n\t\t\t<\/div> \n\t<\/div>\n\n\n\n<div style=\"\"  data-wp-interactive=\"jetpack\/form\" data-wp-context='{\"fieldId\":\"g273-message\",\"fieldType\":\"textarea\",\"fieldLabel\":\"Message\",\"fieldValue\":\"\",\"fieldPlaceholder\":\"\",\"fieldIsRequired\":\"\",\"fieldErrorMessage\":\"\",\"fieldExtra\":[],\"formHash\":\"6b8ff0afa98fb0b1acb512ee6d5b1b90e9e33c04\"}'  class='grunion-field-textarea-wrap grunion-field-wrap'  data-wp-init='callbacks.initializeField' data-wp-on--jetpack-form-reset='callbacks.initializeField' >\n<label\n\t\t\t\tfor='contact-form-comment-g273-message' class=\"grunion-field-label textarea\" >Message<\/label>\n<textarea\n\t\t                style=''\n\t\t                name='g273-message'\n\t\t                id='contact-form-comment-g273-message'\n\t\t                rows='20'\n\t\t\t\t\t\tdata-wp-text='state.getFieldValue'\n\t\t\t\t\t\tdata-wp-on--input='actions.onFieldChange'\n\t\t\t\t\t\tdata-wp-on--blur='actions.onFieldBlur'\n\t\t\t\t\t\tdata-wp-class--has-value='state.hasFieldValue'\n\t\t\t\t\t\taria-describedby='g273-message-textarea-error-message'\n\t\t\t\t\t\tdata-wp-bind--aria-invalid='state.fieldAriaInvalid'\n\t\t\t\t\t\tclass='textarea  grunion-field'  ><\/textarea>\n \n\t\t\t<div id=\"g273-message-textarea-error\" class=\"contact-form__input-error\" data-wp-class--has-errors=\"state.fieldHasErrors\">\n\t\t\t\t<span class=\"contact-form__warning-icon\" aria-hidden=\"true\">\n\t\t\t\t\t<svg width=\"16\" height=\"16\" viewBox=\"0 0 16 16\" fill=\"none\" xmlns=\"http:\/\/www.w3.org\/2000\/svg\">\n\t\t\t\t\t\t<path d=\"M8.50015 11.6402H7.50015V10.6402H8.50015V11.6402Z\" \/>\n\t\t\t\t\t\t<path d=\"M7.50015 9.64018H8.50015V6.30684H7.50015V9.64018Z\" \/>\n\t\t\t\t\t\t<path fill-rule=\"evenodd\" clip-rule=\"evenodd\" d=\"M6.98331 3.0947C7.42933 2.30177 8.57096 2.30177 9.01698 3.09469L13.8771 11.7349C14.3145 12.5126 13.7525 13.4735 12.8602 13.4735H3.14004C2.24774 13.4735 1.68575 12.5126 2.12321 11.7349L6.98331 3.0947ZM8.14541 3.58496C8.08169 3.47168 7.9186 3.47168 7.85488 3.58496L2.99478 12.2251C2.93229 12.3362 3.01257 12.4735 3.14004 12.4735H12.8602C12.9877 12.4735 13.068 12.3362 13.0055 12.2251L8.14541 3.58496Z\" \/>\n\t\t\t\t\t<\/svg>\n\t\t\t\t<\/span>\n\t\t\t\t<span data-wp-text=\"state.errorMessage\" id=\"g273-message-textarea-error-message\"><\/span>\n\t\t\t<\/div>\n\t<\/div>\n\n\n<div class=\"contact-form__error\" data-wp-class--show-errors=\"state.showFormErrors\"><span class=\"contact-form__warning-icon\" aria-hidden=\"true\"><i><\/i><\/span><span class=\"contact-form__error-message\" tabindex=\"-1\" data-wp-watch=\"callbacks.focusOnValidationError\" data-wp-text=\"state.getFormErrorMessage\"><\/span><ul aria-label=\"Form errors\">\n\t\t\t\t<template data-wp-each=\"state.getErrorList\" data-wp-key=\"context.item.id\">\n\t\t\t\t\t<li><a data-wp-bind--href=\"context.item.anchor\" data-wp-on--click=\"actions.scrollIntoView\" data-wp-text=\"context.item.label\"><\/a><\/li>\n\t\t\t\t<\/template>\n\t\t\t\t<\/ul><\/div><div class=\"contact-form__error\" data-wp-class--show-errors=\"state.showSubmissionError\" data-wp-text=\"context.submissionError\" tabindex=\"-1\" data-wp-watch=\"callbacks.focusOnSubmissionError\"><\/div> <div class=\"wp-block-jetpack-button wp-block-button\" style=\"\"><button data-wp-bind--disabled=\"state.isAriaDisabled\" class=\"wp-block-button__link\" style=\"\" data-id-attr=\"placeholder\" type=\"submit\" data-wp-class--is-submitting=\"state.isSubmitting\" data-wp-bind--aria-disabled=\"state.isAriaDisabled\">Submit<span class=\"spinner\" aria-hidden=\"true\"><svg width=\"24\" height=\"24\" viewBox=\"0 0 24 24\" xmlns=\"http:\/\/www.w3.org\/2000\/svg\"><path d=\"M12,1A11,11,0,1,0,23,12,11,11,0,0,0,12,1Zm0,19a8,8,0,1,1,8-8A8,8,0,0,1,12,20Z\" opacity=\".25\"\/><path d=\"M10.14,1.16a11,11,0,0,0-9,8.92A1.59,1.59,0,0,0,2.46,12,1.52,1.52,0,0,0,4.11,10.7a8,8,0,0,1,6.66-6.61A1.42,1.42,0,0,0,12,2.69h0A1.57,1.57,0,0,0,10.14,1.16Z\"><animateTransform attributeName=\"transform\" type=\"rotate\" dur=\"0.75s\" values=\"0 12 12;360 12 12\" repeatCount=\"indefinite\"\/><\/path><\/svg><span class=\"is-visually-hidden\">Submitting form<\/span><\/span><\/button><\/div>\n\t\t<input type='hidden' name='contact-form-id' value='273' \/>\n\t\t<input type='hidden' name='action' value='grunion-contact-form' \/>\n\t\t<input type='hidden' name='contact-form-hash' value='6b8ff0afa98fb0b1acb512ee6d5b1b90e9e33c04' \/>\n<p style=\"display: none !important;\" class=\"akismet-fields-container\" data-prefix=\"ak_\"><label>&#916;<textarea name=\"ak_hp_textarea\" cols=\"45\" rows=\"8\" maxlength=\"100\"><\/textarea><\/label><input type=\"hidden\" id=\"ak_js_1\" name=\"ak_js\" value=\"188\"\/><script type=\"text\/javascript\">\n\/* <![CDATA[ *\/\ndocument.getElementById( \"ak_js_1\" ).setAttribute( \"value\", ( new Date() ).getTime() );\n\/* ]]> *\/\n<\/script>\n<\/p><\/form>\n<\/div>\n\n\n<div style=\"height:100px\" aria-hidden=\"true\" class=\"wp-block-spacer\"><\/div>\n\n\n\n<p><strong><strong>Lead organizer<\/strong><br><\/strong>Jan \u0160t\u011btina<br><a href=\"mailto:jan.stetina@naswp.cz\">jan.stetina@naswp.cz<\/a><\/p>\n\n\n\n<p><strong>Sponsors<\/strong><br><a href=\"mailto:karolina@kybernaut.cz\"><\/a><a href=\"mailto:karolina@kybernaut.cz\"><a href=\"mailto:sponzori@wordcamppraha.cz\">sponzori@wordcamppraha.cz<\/a><\/a><\/p>\n\n\n\n<p><strong>Accounting<\/strong><br>Vladim\u00edr Smitka<br><a href=\"mailto:vladimir.smitka@lynt.cz\">vladimir.smitka@lynt.cz<\/a><\/p>\n\n\n\n<p><strong>Speakers<\/strong><br><a href=\"mailto:karolina@kybernaut.cz\" data-type=\"mailto\" data-id=\"mailto:karolina@kybernaut.cz\"><\/a><a href=\"mailto:karolina@kybernaut.cz\"><\/a><a href=\"mailto:speaker@wordcamppraha.cz\"><a href=\"mailto:speaker@wordcamppraha.cz\">speaker@wordcamppraha.cz<\/a><\/a><\/p>\n","protected":false},"excerpt":{"rendered":"<p>If you have any questions about the conference, please use the following form: Lead organizerJan \u0160t\u011btinajan.stetina@naswp.cz Sponsorssponzori@wordcamppraha.cz AccountingVladim\u00edr Smitkavladimir.smitka@lynt.cz Speakersspeaker@wordcamppraha.cz<\/p>\n","protected":false},"author":7429152,"featured_media":0,"parent":7894,"menu_order":0,"comment_status":"closed","ping_status":"closed","template":"","meta":{"advanced_seo_description":"","jetpack_seo_html_title":"","jetpack_seo_noindex":false,"jetpack_post_was_ever_published":false,"footnotes":""},"class_list":["post-273","page","type-page","status-publish","hentry"],"jetpack-related-posts":[{"id":274,"url":"https:\/\/prague.wordcamp.org\/2022\/en\/code-of-conduct\/","url_meta":{"origin":273,"position":0},"title":"Code of Conduct","author":"Jan \u0160t\u011btina","date":"22. 5. 2019","format":false,"excerpt":"Purpose WordCamp Praha believes our community should be truly open for everyone. As such, we are committed to providing a friendly, safe and welcoming environment for all, regardless of gender, sexual orientation, disability, ethnicity, religion, preferred operating system, programming language, or text editor. This code of conduct outlines our expectations\u2026","rel":"","context":"Similar post","block_context":{"text":"Similar post","link":""},"img":{"alt_text":"","src":"https:\/\/i0.wp.com\/s.w.org\/images\/backgrounds\/wordpress-bg-medblue.png?resize=350%2C200&ssl=1","width":350,"height":200},"classes":[]},{"id":7894,"url":"https:\/\/prague.wordcamp.org\/2022\/en\/","url_meta":{"origin":273,"position":1},"title":"English","author":"Jan \u0160t\u011btina","date":"20. 6. 2019","format":false,"excerpt":"Welcome to WordCamp Prague \u2013\u00a0the biggest WordPress conference in the Czech Republic. We are looking forward to seeing all\u00a0WordPress fans, end users and developers! The conference will be held on Saturday 26th February 2022, this time online. WordCamps are informal, community-organized events that are put together by WordPress users like\u2026","rel":"","context":"Similar post","block_context":{"text":"Similar post","link":""},"img":{"alt_text":"","src":"https:\/\/i0.wp.com\/s.w.org\/images\/backgrounds\/wordpress-bg-medblue.png?resize=350%2C200&ssl=1","width":350,"height":200},"classes":[]},{"id":272,"url":"https:\/\/prague.wordcamp.org\/2022\/en\/sponsors\/","url_meta":{"origin":273,"position":2},"title":"Sponsors","author":"Jan \u0160t\u011btina","date":"22. 5. 2019","format":false,"excerpt":"Interested in sponsoring WordCamp this year?\u00a0Check out our\u00a0Call for Sponsors\u00a0post for details on how you can help make this year\u2019s WordCamp the best it can be! Gold Sponsors Seznam.cz - is a technology and media house Services and products of Seznam.cz such as Search, Mapy.cz, Stream.cz, Firmy.cz or E-mail.cz are\u2026","rel":"","context":"Similar post","block_context":{"text":"Similar post","link":""},"img":{"alt_text":"","src":"https:\/\/i0.wp.com\/prague.wordcamp.org\/2022\/files\/2022\/01\/seznam-background.png?resize=350%2C200&ssl=1","width":350,"height":200,"srcset":"https:\/\/i0.wp.com\/prague.wordcamp.org\/2022\/files\/2022\/01\/seznam-background.png?resize=350%2C200&ssl=1 1x, https:\/\/i0.wp.com\/prague.wordcamp.org\/2022\/files\/2022\/01\/seznam-background.png?resize=525%2C300&ssl=1 1.5x, https:\/\/i0.wp.com\/prague.wordcamp.org\/2022\/files\/2022\/01\/seznam-background.png?resize=700%2C400&ssl=1 2x"},"classes":[]},{"id":1863,"url":"https:\/\/prague.wordcamp.org\/2022\/kontakt\/","url_meta":{"origin":273,"position":3},"title":"Kontakt","author":"Jan \u0160t\u011btina","date":"8. 11. 2016","format":false,"excerpt":"Pro obecn\u00e9 dotazy, pros\u00edme, vyu\u017eijte tento kontaktn\u00ed formul\u00e1\u0159: Hlavn\u00ed po\u0159adatelJan \u0160t\u011btinajan.stetina@naswp.cz Sponzo\u0159isponzori@wordcamppraha.cz Fakturace & platbyVladim\u00edr Smitkavladimir.smitka@lynt.cz P\u0159edn\u00e1\u0161ej\u00edc\u00edspeaker@wordcamppraha.cz","rel":"","context":"Similar post","block_context":{"text":"Similar post","link":""},"img":{"alt_text":"","src":"https:\/\/i0.wp.com\/s.w.org\/images\/backgrounds\/wordpress-bg-medblue.png?resize=350%2C200&ssl=1","width":350,"height":200},"classes":[]},{"id":9297,"url":"https:\/\/prague.wordcamp.org\/2022\/media\/","url_meta":{"origin":273,"position":4},"title":"WordCamp Praha Live jako interaktivn\u00ed setk\u00e1n\u00ed","author":"Vlasta Ott","date":"27. 1. 2020","format":false,"excerpt":"Leto\u0161n\u00ed konference v\u011bnovan\u00e1 WordPressu prob\u011bhne v sobotu 26. \u00fanora 2022 jako interaktivn\u00ed setk\u00e1n\u00ed op\u011bt v online prost\u0159ed\u00ed. Organiz\u00e1to\u0159i se rozhodli akci rozh\u00fdbat t\u00edm, \u017ee krom\u011b p\u0159edn\u00e1\u0161ek p\u0159ipravili tak\u00e9 tematick\u00e9 panely s \u017eivou diskuz\u00ed. Aktivn\u00ed zapojen\u00ed n\u00e1v\u0161t\u011bvn\u00edk\u016f do diskuz\u00ed, s\u00e1zka na autenticitu, absence nahr\u00e1v\u00e1n\u00ed a prom\u011bnliv\u00fd program jsou znaky leto\u0161n\u00ed konference\u2026","rel":"","context":"Similar post","block_context":{"text":"Similar post","link":""},"img":{"alt_text":"","src":"https:\/\/i0.wp.com\/s.w.org\/images\/backgrounds\/wordpress-bg-medblue.png?resize=350%2C200&ssl=1","width":350,"height":200},"classes":[]},{"id":13667,"url":"https:\/\/prague.wordcamp.org\/2022\/media-prvni-tiskova-zprava\/","url_meta":{"origin":273,"position":5},"title":"M\u00e9dia &#8211; prvn\u00ed tiskov\u00e1 zpr\u00e1va","author":"freedomdsgnr","date":"16. 11. 2021","format":false,"excerpt":"V p\u0159\u00edpad\u011b dotaz\u016f kontaktujte pros\u00edm Jana \u0160t\u011btinu (hlavn\u00edho po\u0159adatele \u2013 jan.stetina@naswp.cz, +420 799 797 065), nebo Vladim\u00edra Smitku (fakturace, m\u00e9dia \u2013 vladimir.smitka@lynt.cz). P\u0159ipojte se na WordCamp Praha 2022 \u2013 nejv\u011bt\u0161\u00ed online konferenci v \u010cR a na Slovensku (nejen) o WordPressu WordCamp Praha je nejv\u011bt\u0161\u00ed konferenc\u00ed o WordPressu v\u00a0\u010cesk\u00e9 republice a\u2026","rel":"","context":"Similar post","block_context":{"text":"Similar post","link":""},"img":{"alt_text":"","src":"https:\/\/i0.wp.com\/s.w.org\/images\/backgrounds\/wordpress-bg-medblue.png?resize=350%2C200&ssl=1","width":350,"height":200},"classes":[]}],"jetpack_sharing_enabled":true,"_links":{"self":[{"href":"https:\/\/prague.wordcamp.org\/2022\/wp-json\/wp\/v2\/pages\/273","targetHints":{"allow":["GET"]}}],"collection":[{"href":"https:\/\/prague.wordcamp.org\/2022\/wp-json\/wp\/v2\/pages"}],"about":[{"href":"https:\/\/prague.wordcamp.org\/2022\/wp-json\/wp\/v2\/types\/page"}],"author":[{"embeddable":true,"href":"https:\/\/prague.wordcamp.org\/2022\/wp-json\/wp\/v2\/users\/7429152"}],"replies":[{"embeddable":true,"href":"https:\/\/prague.wordcamp.org\/2022\/wp-json\/wp\/v2\/comments?post=273"}],"version-history":[{"count":4,"href":"https:\/\/prague.wordcamp.org\/2022\/wp-json\/wp\/v2\/pages\/273\/revisions"}],"predecessor-version":[{"id":13761,"href":"https:\/\/prague.wordcamp.org\/2022\/wp-json\/wp\/v2\/pages\/273\/revisions\/13761"}],"up":[{"embeddable":true,"href":"https:\/\/prague.wordcamp.org\/2022\/wp-json\/wp\/v2\/pages\/7894"}],"wp:attachment":[{"href":"https:\/\/prague.wordcamp.org\/2022\/wp-json\/wp\/v2\/media?parent=273"}],"curies":[{"name":"wp","href":"https:\/\/api.w.org\/{rel}","templated":true}]}}