{"id":8727,"date":"2019-12-19T12:50:36","date_gmt":"2019-12-19T11:50:36","guid":{"rendered":"https:\/\/2020.prague.wordcamp.org\/?page_id=8727"},"modified":"2021-02-27T10:28:46","modified_gmt":"2021-02-27T09:28:46","slug":"program","status":"publish","type":"page","link":"https:\/\/prague.wordcamp.org\/2021\/program\/","title":{"rendered":"Program"},"content":{"rendered":"\n<p class=\"has-background\" style=\"background-color:#e8f5f6\">\ud83d\udcfa<strong> Online platforma Hopin<\/strong><br>WordCamp si nalad\u00edte na konferen\u010dn\u00ed platform\u011b Hopin &#8211; p\u0159e\u010dt\u011bte si <a href=\"https:\/\/prague.wordcamp.org\/2021\/navod-na-hopin\/\" data-type=\"post\" data-id=\"11225\">n\u00e1vod<\/a>, jak se p\u0159ipojit a jak bude akce prob\u00edhat.<\/p>\n\n\n\n<p class=\"has-background\" style=\"background-color:#e8f5f6\">\ud83d\udc4b<strong> Seznamte se s \u0159e\u010dn\u00edky<\/strong><br>S ka\u017ed\u00fdm p\u0159edn\u00e1\u0161ej\u00edc\u00edm jsme nato\u010dili videorozhovor. Publikujeme je ka\u017ed\u00fd den na <a href=\"https:\/\/prague.wordcamp.org\/2021\/rubrika\/rozhovory\/\">blogu<\/a>, na <a rel=\"noreferrer noopener\" href=\"https:\/\/www.youtube.com\/playlist?list=PL4mDPhqGGoMPDQPRw6fPKZLY_o54owerm\" data-type=\"URL\" data-id=\"https:\/\/www.youtube.com\/playlist?list=PL4mDPhqGGoMPDQPRw6fPKZLY_o54owerm\" target=\"_blank\">YouTube<\/a> i jako <a href=\"https:\/\/soundcloud.com\/user-737146836\" data-type=\"URL\" data-id=\"https:\/\/soundcloud.com\/user-737146836\">podcast<\/a>.<\/p>\n\n\n\n<p class=\"has-background\" style=\"background-color:#e8f5f6\">Budeme se na v\u00e1s t\u011b\u0161it i v ned\u011bli 28. 2. v 17:00 na <a href=\"https:\/\/prague.wordcamp.org\/2021\/contributor-day\/\">Contributor day<\/a>.<\/p>\n\n\n\n<table class=\"wcpt-schedule\" border=\"0\"><thead><tr><th class=\"wcpt-col-time\">\u010cas<\/th><th class=\"wcpt-col-track\"> <span class=\"wcpt-track-name\">Online stream<\/span> <span class=\"wcpt-track-description\"><\/span> <\/th><\/tr><\/thead><tbody><tr class=\"wcpt-time-1000 global-session uvtn\"><td class=\"wcpt-time\">10:00<\/td><td colspan=\"1\" class=\"wcb-track-online-stream wcpt-session-type-custom wcb-session-uvitani\" data-track-title=\"Online stream\" data-session-id=\"12225\"><div class=\"wcb-session-cell-content\"><span class=\"wcpt-session-title\">Uv\u00edt\u00e1n\u00ed<\/span><\/div><\/td><\/tr><tr class=\"wcpt-time-1015 global-session easy-pzy-uivatelsk-testovn\"><td class=\"wcpt-time\">10:15<\/td><td colspan=\"1\" class=\"wcb-speaker-marek-cevelicek wcb-track-online-stream wcpt-session-type-session wcb-session-tbd-ux\" data-track-title=\"Online stream\" data-session-id=\"12227\"><div class=\"wcb-session-cell-content\"><a class=\"wcpt-session-title\" href=\"https:\/\/prague.wordcamp.org\/2021\/session\/tbd-ux\/\">Easy-p\u00edzy u\u017eivatelsk\u00e9 testov\u00e1n\u00ed<\/a> <span class=\"wcpt-session-speakers\"><a href=\"https:\/\/prague.wordcamp.org\/2021\/speaker\/marek-cevelicek\/\">Marek \u010cevel\u00ed\u010dek<\/a><\/span><\/div><div class=\"wcb-session-favourite-icon\"><a href=\"#\" role=\"button\" class=\"fav-session-button\" aria-pressed=\"false\"><span class=\"screen-reader-text\">Obl\u00edben\u00e1 relace: Easy-p\u00edzy u\u017eivatelsk\u00e9 testov\u00e1n\u00ed<\/span><span class=\"dashicons dashicons-star-filled\"><\/span><\/a><\/div><\/td><\/tr><tr class=\"wcpt-time-1045 global-session wordpress-a-pstupnost\"><td class=\"wcpt-time\">10:45<\/td><td colspan=\"1\" class=\"wcb-speaker-roman-kabelka wcb-track-online-stream wcpt-session-type-session wcb-session-wordpress-a-pristupnost\" data-track-title=\"Online stream\" data-session-id=\"12229\"><div class=\"wcb-session-cell-content\"><a class=\"wcpt-session-title\" href=\"https:\/\/prague.wordcamp.org\/2021\/session\/wordpress-a-pristupnost\/\">WordPress a p\u0159\u00edstupnost<\/a> <span class=\"wcpt-session-speakers\"><a href=\"https:\/\/prague.wordcamp.org\/2021\/speaker\/roman-kabelka\/\">Roman Kabelka<\/a><\/span><\/div><div class=\"wcb-session-favourite-icon\"><a href=\"#\" role=\"button\" class=\"fav-session-button\" aria-pressed=\"false\"><span class=\"screen-reader-text\">Obl\u00edben\u00e1 relace: WordPress a p\u0159\u00edstupnost<\/span><span class=\"dashicons dashicons-star-filled\"><\/span><\/a><\/div><\/td><\/tr><tr class=\"wcpt-time-1115 global-session jak-weby-nedlat\"><td class=\"wcpt-time\">11:15<\/td><td colspan=\"1\" class=\"wcb-speaker-martin-rajnoch wcb-track-online-stream wcpt-session-type-session wcb-session-tbd-o-page-builderech\" data-track-title=\"Online stream\" data-session-id=\"12232\"><div class=\"wcb-session-cell-content\"><a class=\"wcpt-session-title\" href=\"https:\/\/prague.wordcamp.org\/2021\/session\/tbd-o-page-builderech\/\">Jak weby (ne)d\u011blat<\/a> <span class=\"wcpt-session-speakers\"><a href=\"https:\/\/prague.wordcamp.org\/2021\/speaker\/martin-rajnoch\/\">Martin Rajnoch<\/a><\/span><\/div><div class=\"wcb-session-favourite-icon\"><a href=\"#\" role=\"button\" class=\"fav-session-button\" aria-pressed=\"false\"><span class=\"screen-reader-text\">Obl\u00edben\u00e1 relace: Jak weby (ne)d\u011blat<\/span><span class=\"dashicons dashicons-star-filled\"><\/span><\/a><\/div><\/td><\/tr><tr class=\"wcpt-time-1145 global-session instagram-shopping-nahrad-instagram-klasick-e-shopy\"><td class=\"wcpt-time\">11:45<\/td><td colspan=\"1\" class=\"wcb-speaker-katka-pavlickova wcb-track-online-stream wcpt-session-type-session wcb-session-instagram-shopping-napojeny-na-woocommerce\" data-track-title=\"Online stream\" data-session-id=\"12235\"><div class=\"wcb-session-cell-content\"><a class=\"wcpt-session-title\" href=\"https:\/\/prague.wordcamp.org\/2021\/session\/instagram-shopping-napojeny-na-woocommerce\/\">Instagram shopping &#8211; nahrad\u00ed Instagram klasick\u00e9 e-shopy?<\/a> <span class=\"wcpt-session-speakers\"><a href=\"https:\/\/prague.wordcamp.org\/2021\/speaker\/katka-pavlickova\/\">Katka Pavl\u00ed\u010dkov\u00e1<\/a><\/span><\/div><div class=\"wcb-session-favourite-icon\"><a href=\"#\" role=\"button\" class=\"fav-session-button\" aria-pressed=\"false\"><span class=\"screen-reader-text\">Obl\u00edben\u00e1 relace: Instagram shopping &#8211; nahrad\u00ed Instagram klasick\u00e9 e-shopy?<\/span><span class=\"dashicons dashicons-star-filled\"><\/span><\/a><\/div><\/td><\/tr><tr class=\"wcpt-time-1215 global-session jak-na-peklady-wordpressu\"><td class=\"wcpt-time\">12:15<\/td><td colspan=\"1\" class=\"wcb-speaker-michal-janata wcb-track-online-stream wcpt-session-type-session wcb-session-jak-na-preklady-wordpressu\" data-track-title=\"Online stream\" data-session-id=\"12237\"><div class=\"wcb-session-cell-content\"><a class=\"wcpt-session-title\" href=\"https:\/\/prague.wordcamp.org\/2021\/session\/jak-na-preklady-wordpressu\/\">Jak na p\u0159eklady WordPressu<\/a> <span class=\"wcpt-session-speakers\"><a href=\"https:\/\/prague.wordcamp.org\/2021\/speaker\/michal-janata\/\">Michal Janata<\/a><\/span><\/div><div class=\"wcb-session-favourite-icon\"><a href=\"#\" role=\"button\" class=\"fav-session-button\" aria-pressed=\"false\"><span class=\"screen-reader-text\">Obl\u00edben\u00e1 relace: Jak na p\u0159eklady WordPressu<\/span><span class=\"dashicons dashicons-star-filled\"><\/span><\/a><\/div><\/td><\/tr><tr class=\"wcpt-time-1230 global-session obdov-pauza\"><td class=\"wcpt-time\">12:30<\/td><td colspan=\"1\" class=\"wcb-track-online-stream wcpt-session-type-custom wcb-session-obedova-pauza\" data-track-title=\"Online stream\" data-session-id=\"12239\"><div class=\"wcb-session-cell-content\"><span class=\"wcpt-session-title\">Ob\u011bdov\u00e1 pauza<\/span><\/div><\/td><\/tr><tr class=\"wcpt-time-1300 global-session poznejte-svou-clovku-no-jo-ale-jak\"><td class=\"wcpt-time\">13:00<\/td><td colspan=\"1\" class=\"wcb-speaker-barbora-novakova wcb-track-online-stream wcpt-session-type-session wcb-session-poznejte-svou-cilovku-no-jo-ale-jak\" data-track-title=\"Online stream\" data-session-id=\"12241\"><div class=\"wcb-session-cell-content\"><a class=\"wcpt-session-title\" href=\"https:\/\/prague.wordcamp.org\/2021\/session\/poznejte-svou-cilovku-no-jo-ale-jak\/\">Poznejte svou c\u00edlovku. No jo, ale jak?<\/a> <span class=\"wcpt-session-speakers\"><a href=\"https:\/\/prague.wordcamp.org\/2021\/speaker\/barbora-novakova\/\">Barbora Nov\u00e1kov\u00e1<\/a><\/span><\/div><div class=\"wcb-session-favourite-icon\"><a href=\"#\" role=\"button\" class=\"fav-session-button\" aria-pressed=\"false\"><span class=\"screen-reader-text\">Obl\u00edben\u00e1 relace: Poznejte svou c\u00edlovku. No jo, ale jak?<\/span><span class=\"dashicons dashicons-star-filled\"><\/span><\/a><\/div><\/td><\/tr><tr class=\"wcpt-time-1330 global-session facebook-ads\"><td class=\"wcpt-time\">13:30<\/td><td colspan=\"1\" class=\"wcb-speaker-honza-bartos wcb-track-online-stream wcpt-session-type-session wcb-session-facebook-ads\" data-track-title=\"Online stream\" data-session-id=\"12243\"><div class=\"wcb-session-cell-content\"><a class=\"wcpt-session-title\" href=\"https:\/\/prague.wordcamp.org\/2021\/session\/facebook-ads\/\">Facebook Ads<\/a> <span class=\"wcpt-session-speakers\"><a href=\"https:\/\/prague.wordcamp.org\/2021\/speaker\/honza-bartos\/\">Honza Barto\u0161<\/a><\/span><\/div><div class=\"wcb-session-favourite-icon\"><a href=\"#\" role=\"button\" class=\"fav-session-button\" aria-pressed=\"false\"><span class=\"screen-reader-text\">Obl\u00edben\u00e1 relace: Facebook Ads<\/span><span class=\"dashicons dashicons-star-filled\"><\/span><\/a><\/div><\/td><\/tr><tr class=\"wcpt-time-1400 global-session nov-pleitosti-a-vzvy-s-google-analytics\"><td class=\"wcpt-time\">14:00<\/td><td colspan=\"1\" class=\"wcb-speaker-jan-tichy wcb-track-online-stream wcpt-session-type-session wcb-session-google-analytics-4\" data-track-title=\"Online stream\" data-session-id=\"12245\"><div class=\"wcb-session-cell-content\"><a class=\"wcpt-session-title\" href=\"https:\/\/prague.wordcamp.org\/2021\/session\/google-analytics-4\/\">Nov\u00e9 p\u0159\u00edle\u017eitosti a v\u00fdzvy s Google Analytics<\/a> <span class=\"wcpt-session-speakers\"><a href=\"https:\/\/prague.wordcamp.org\/2021\/speaker\/jan-tichy\/\">Jan Tich\u00fd<\/a><\/span><\/div><div class=\"wcb-session-favourite-icon\"><a href=\"#\" role=\"button\" class=\"fav-session-button\" aria-pressed=\"false\"><span class=\"screen-reader-text\">Obl\u00edben\u00e1 relace: Nov\u00e9 p\u0159\u00edle\u017eitosti a v\u00fdzvy s Google Analytics<\/span><span class=\"dashicons dashicons-star-filled\"><\/span><\/a><\/div><\/td><\/tr><tr class=\"wcpt-time-1430 global-session mli-jsme-se-potkat-dv-zd-se-mi\"><td class=\"wcpt-time\">14:30<\/td><td colspan=\"1\" class=\"wcb-speaker-petra-kristina-dolejsova wcb-track-online-stream wcpt-session-type-session wcb-session-meli-jsme-se-potkat-driv-zda-se-mi\" data-track-title=\"Online stream\" data-session-id=\"12247\"><div class=\"wcb-session-cell-content\"><a class=\"wcpt-session-title\" href=\"https:\/\/prague.wordcamp.org\/2021\/session\/meli-jsme-se-potkat-driv-zda-se-mi\/\">M\u011bli jsme se potkat d\u0159\u00edv, zd\u00e1 se mi\u2026<\/a> <span class=\"wcpt-session-speakers\"><a href=\"https:\/\/prague.wordcamp.org\/2021\/speaker\/petra-kristina-dolejsova\/\">Petra Krist\u00edna Dolej\u0161ov\u00e1<\/a><\/span><\/div><div class=\"wcb-session-favourite-icon\"><a href=\"#\" role=\"button\" class=\"fav-session-button\" aria-pressed=\"false\"><span class=\"screen-reader-text\">Obl\u00edben\u00e1 relace: M\u011bli jsme se potkat d\u0159\u00edv, zd\u00e1 se mi\u2026<\/span><span class=\"dashicons dashicons-star-filled\"><\/span><\/a><\/div><\/td><\/tr><tr class=\"wcpt-time-1500 global-session pbhy-z-provozovn-wordpressu\"><td class=\"wcpt-time\">15:00<\/td><td colspan=\"1\" class=\"wcb-speaker-honza-sladek wcb-track-online-stream wcpt-session-type-session wcb-session-o-budoucnosti-wordpressu\" data-track-title=\"Online stream\" data-session-id=\"12252\"><div class=\"wcb-session-cell-content\"><a class=\"wcpt-session-title\" href=\"https:\/\/prague.wordcamp.org\/2021\/session\/o-budoucnosti-wordpressu\/\">P\u0159\u00edb\u011bhy z provozov\u00e1n\u00ed WordPressu<\/a> <span class=\"wcpt-session-speakers\"><a href=\"https:\/\/prague.wordcamp.org\/2021\/speaker\/honza-sladek\/\">Honza Sl\u00e1dek<\/a><\/span><\/div><div class=\"wcb-session-favourite-icon\"><a href=\"#\" role=\"button\" class=\"fav-session-button\" aria-pressed=\"false\"><span class=\"screen-reader-text\">Obl\u00edben\u00e1 relace: P\u0159\u00edb\u011bhy z provozov\u00e1n\u00ed WordPressu<\/span><span class=\"dashicons dashicons-star-filled\"><\/span><\/a><\/div><\/td><\/tr><tr class=\"wcpt-time-1530 global-session pauza\"><td class=\"wcpt-time\">15:30<\/td><td colspan=\"1\" class=\"wcb-track-online-stream wcpt-session-type-custom wcb-session-pauza\" data-track-title=\"Online stream\" data-session-id=\"12254\"><div class=\"wcb-session-cell-content\"><span class=\"wcpt-session-title\">Pauza<\/span><\/div><\/td><\/tr><tr class=\"wcpt-time-1545 global-session alpine-js\"><td class=\"wcpt-time\">15:45<\/td><td colspan=\"1\" class=\"wcb-speaker-alexander-mravcak wcb-track-online-stream wcb-session-category-slovensky wcpt-session-type-session wcb-session-alpine-js\" data-track-title=\"Online stream\" data-session-id=\"12256\"><div class=\"wcb-session-cell-content\"><a class=\"wcpt-session-title\" href=\"https:\/\/prague.wordcamp.org\/2021\/session\/alpine-js\/\">alpine.js<\/a> <span class=\"wcpt-session-speakers\"><a href=\"https:\/\/prague.wordcamp.org\/2021\/speaker\/alexander-mravcak\/\">Alexander Mrav\u010d\u00e1k<\/a><\/span><\/div><div class=\"wcb-session-favourite-icon\"><a href=\"#\" role=\"button\" class=\"fav-session-button\" aria-pressed=\"false\"><span class=\"screen-reader-text\">Obl\u00edben\u00e1 relace: alpine.js<\/span><span class=\"dashicons dashicons-star-filled\"><\/span><\/a><\/div><\/td><\/tr><tr class=\"wcpt-time-1615 global-session docker-a-wordpress\"><td class=\"wcpt-time\">16:15<\/td><td colspan=\"1\" class=\"wcb-speaker-jiri-sebek wcb-track-online-stream wcpt-session-type-session wcb-session-dockerizace-wordpress-projektu\" data-track-title=\"Online stream\" data-session-id=\"12259\"><div class=\"wcb-session-cell-content\"><a class=\"wcpt-session-title\" href=\"https:\/\/prague.wordcamp.org\/2021\/session\/dockerizace-wordpress-projektu\/\">Docker a WordPress<\/a> <span class=\"wcpt-session-speakers\"><a href=\"https:\/\/prague.wordcamp.org\/2021\/speaker\/jiri-sebek\/\">Ji\u0159\u00ed \u0160ebek<\/a><\/span><\/div><div class=\"wcb-session-favourite-icon\"><a href=\"#\" role=\"button\" class=\"fav-session-button\" aria-pressed=\"false\"><span class=\"screen-reader-text\">Obl\u00edben\u00e1 relace: Docker a WordPress<\/span><span class=\"dashicons dashicons-star-filled\"><\/span><\/a><\/div><\/td><\/tr><tr class=\"wcpt-time-1645 global-session gutenberg-je-budoucnost-zante-u-te\"><td class=\"wcpt-time\">16:45<\/td><td colspan=\"1\" class=\"wcb-speaker-daniel-mejta wcb-track-online-stream wcpt-session-type-session wcb-session-gutenberg-je-budoucnost-zacnete-uz-ted\" data-track-title=\"Online stream\" data-session-id=\"12261\"><div class=\"wcb-session-cell-content\"><a class=\"wcpt-session-title\" href=\"https:\/\/prague.wordcamp.org\/2021\/session\/gutenberg-je-budoucnost-zacnete-uz-ted\/\">Gutenberg je budoucnost, za\u010dn\u011bte u\u017e te\u010f!<\/a> <span class=\"wcpt-session-speakers\"><a href=\"https:\/\/prague.wordcamp.org\/2021\/speaker\/daniel-mejta\/\">Daniel Mejta<\/a><\/span><\/div><div class=\"wcb-session-favourite-icon\"><a href=\"#\" role=\"button\" class=\"fav-session-button\" aria-pressed=\"false\"><span class=\"screen-reader-text\">Obl\u00edben\u00e1 relace: Gutenberg je budoucnost, za\u010dn\u011bte u\u017e te\u010f!<\/span><span class=\"dashicons dashicons-star-filled\"><\/span><\/a><\/div><\/td><\/tr><tr class=\"wcpt-time-1715 global-session bezpenostn-chyby-kter-stle-dlme\"><td class=\"wcpt-time\">17:15<\/td><td colspan=\"1\" class=\"wcb-speaker-vladimir-smitka wcb-track-online-stream wcpt-session-type-session wcb-session-tbd-bezpecnost\" data-track-title=\"Online stream\" data-session-id=\"12263\"><div class=\"wcb-session-cell-content\"><a class=\"wcpt-session-title\" href=\"https:\/\/prague.wordcamp.org\/2021\/session\/tbd-bezpecnost\/\">Bezpe\u010dnostn\u00ed chyby, kter\u00e9 st\u00e1le d\u011bl\u00e1me<\/a> <span class=\"wcpt-session-speakers\"><a href=\"https:\/\/prague.wordcamp.org\/2021\/speaker\/vladimir-smitka\/\">Vladim\u00edr Smitka<\/a><\/span><\/div><div class=\"wcb-session-favourite-icon\"><a href=\"#\" role=\"button\" class=\"fav-session-button\" aria-pressed=\"false\"><span class=\"screen-reader-text\">Obl\u00edben\u00e1 relace: Bezpe\u010dnostn\u00ed chyby, kter\u00e9 st\u00e1le d\u011bl\u00e1me<\/span><span class=\"dashicons dashicons-star-filled\"><\/span><\/a><\/div><\/td><\/tr><tr class=\"wcpt-time-1745 global-session ukonen-konference-a-podkovn\"><td class=\"wcpt-time\">17:45<\/td><td colspan=\"1\" class=\"wcb-track-online-stream wcpt-session-type-custom wcb-session-ukonceni-konference-a-podekovani\" data-track-title=\"Online stream\" data-session-id=\"12265\"><div class=\"wcb-session-cell-content\"><span class=\"wcpt-session-title\">Ukon\u010den\u00ed konference a pod\u011bkov\u00e1n\u00ed<\/span><\/div><\/td><\/tr><\/tbody><\/table>\n\t<div class=\"email-form fav-session-email-form-hide\">\n\t\t<!-- Tab links -->\n\t\t<div class=\"fav-session-share-tab\">\n\t\t\t\t\t\t\t<div class=\"fav-session-tablinks\" id=\"fav-session-btn-email\">\n\t\t\t\t\tE-mail\t\t\t\t<\/div>\n\t\t\t\n\t\t\t<div class=\"fav-session-tablinks\" id=\"fav-session-btn-link\">\n\t\t\t\tOdkaz\t\t\t<\/div>\n\n\t\t\t<div class=\"fav-session-tablinks\" id=\"fav-session-btn-print\">\n\t\t\t\tTisk\t\t\t<\/div>\n\t\t<\/div>\n\n\t\t<!-- Tab content -->\n\t\t\t\t\t<div id=\"fav-session-tab-email\" class=\"fav-session-share-tabcontent\">\n\t\t\t\t<div id=\"fav-session-email-form\">\n\t\t\t\t\tPo\u0161lete mi moje obl\u00edben\u00e9 p\u0159edn\u00e1\u0161ky:\n\t\t\t\t\t<form id=\"fav-sessions-form\">\n\t\t\t\t\t\t<input\n\t\t\t\t\t\t\ttype=\"text\"\n\t\t\t\t\t\t\tname=\"email_address\"\n\t\t\t\t\t\t\tid=\"fav-sessions-email-address\"\n\t\t\t\t\t\t\tplaceholder=\"me@protonmail.com\"\n\t\t\t\t\t\t\/>\n\t\t\t\t\t\t<input type=\"submit\" value=\"Odeslat\" \/>\n\t\t\t\t\t<\/form>\n\t\t\t\t<\/div>\n\n\t\t\t\t<div class=\"fav-session-email-wait-spinner\"><\/div>\n\t\t\t\t<div class=\"fav-session-email-result\"><\/div>\n\t\t\t<\/div>\n\t\t\n\t\t<div id=\"fav-session-tab-link\" class=\"fav-session-share-tabcontent\">\n\t\t\tOdkaz ke sd\u00edlen\u00ed:\t\t\t<br \/>\n\t\t\t<a id=\"fav-sessions-link\" href=\"\"><\/a>\n\t\t<\/div>\n\n\t\t<div id=\"fav-session-tab-print\" class=\"fav-session-share-tabcontent\">\n\t\t\t<button id=\"fav-session-print\">\n\t\t\t\tVytisknout obl\u00edben\u00e9 p\u0159edn\u00e1\u0161ky\t\t\t<\/button>\n\t\t<\/div>\n\t<\/div>\n\n\t<a class=\"show-email-form\" href=\"javascript:\">\n\t\t<span class=\"dashicons dashicons-star-filled\"><\/span>\n\t\t<span class=\"dashicons dashicons-email-alt\"><\/span>\n\t<\/a>\n\n\t\n\n\n\n<p><\/p>\n\n\n\n<p class=\"has-background has-medium-font-size\" style=\"background-color:#ececec\">\ud83d\udcfa <strong>Rozvrh sponzorsk\u00fdch prezentac\u00ed<\/strong><br>10:00 &#8211; 11:00 <a href=\"https:\/\/app.hopin.com\/events\/wordcamp-praha-2021\/expo\/343550\" target=\"_blank\" rel=\"noreferrer noopener\">Chat se sponzorem Toret.cz<\/a><br> 11:00 &#8211; 12:00 <a href=\"https:\/\/app.hopin.com\/events\/wordcamp-praha-2021\/expo\/344019\" target=\"_blank\" rel=\"noreferrer noopener\">Prezentace sponzora GoDaddy Pro<\/a><br>12:00 &#8211; 13:00 <a href=\"https:\/\/app.hopin.com\/events\/wordcamp-praha-2021\/expo\/334167\" target=\"_blank\" rel=\"noreferrer noopener\">Prezentace sponzora Yoast<\/a><br>13:00 &#8211; 14:00 <a href=\"https:\/\/app.hopin.com\/events\/wordcamp-praha-2021\/expo\/343543\" target=\"_blank\" rel=\"noreferrer noopener\">Prezentace a Q&amp;A sponzora Buddy<\/a><br>14:00 &#8211; 15:00 <a href=\"https:\/\/app.hopin.com\/events\/wordcamp-praha-2021\/expo\/319912\" target=\"_blank\" rel=\"noreferrer noopener\">Prezentace a Q&amp;A sponzora Weglot<\/a><br>15:00 &#8211; 16:00 <a rel=\"noreferrer noopener\" href=\"https:\/\/app.hopin.com\/events\/wordcamp-praha-2021\/expo\" target=\"_blank\">Prezentace sponzora SimpleShop<\/a><br>16:00 &#8211; 17:00 <a href=\"https:\/\/app.hopin.com\/events\/wordcamp-praha-2021\/expo\/343552\" target=\"_blank\" rel=\"noreferrer noopener\">Prezentace sponzora \u017div\u00e9 weby<\/a><\/p>\n","protected":false},"excerpt":{"rendered":"<p>\ud83d\udcfa Online platforma HopinWordCamp si nalad\u00edte na konferen\u010dn\u00ed platform\u011b Hopin &#8211; p\u0159e\u010dt\u011bte si n\u00e1vod, jak se p\u0159ipojit a jak bude akce prob\u00edhat. \ud83d\udc4b Seznamte se s \u0159e\u010dn\u00edkyS ka\u017ed\u00fdm p\u0159edn\u00e1\u0161ej\u00edc\u00edm jsme nato\u010dili videorozhovor. Publikujeme je ka\u017ed\u00fd den na blogu, na YouTube i jako podcast. Budeme se na v\u00e1s t\u011b\u0161it i v ned\u011bli 28. 2. v 17:00 &hellip; <a href=\"https:\/\/prague.wordcamp.org\/2021\/program\/\" class=\"more-link\">Pokra\u010dovat ve \u010dten\u00ed<span class=\"screen-reader-text\"> &#8222;Program&#8220;<\/span><\/a><\/p>\n","protected":false},"author":9292185,"featured_media":0,"parent":0,"menu_order":0,"comment_status":"closed","ping_status":"closed","template":"templates\/page-no-sidebar.php","meta":{"jetpack_post_was_ever_published":false,"footnotes":""},"class_list":["post-8727","page","type-page","status-publish","hentry"],"jetpack_sharing_enabled":true,"_links":{"self":[{"href":"https:\/\/prague.wordcamp.org\/2021\/wp-json\/wp\/v2\/pages\/8727","targetHints":{"allow":["GET"]}}],"collection":[{"href":"https:\/\/prague.wordcamp.org\/2021\/wp-json\/wp\/v2\/pages"}],"about":[{"href":"https:\/\/prague.wordcamp.org\/2021\/wp-json\/wp\/v2\/types\/page"}],"author":[{"embeddable":true,"href":"https:\/\/prague.wordcamp.org\/2021\/wp-json\/wp\/v2\/users\/9292185"}],"replies":[{"embeddable":true,"href":"https:\/\/prague.wordcamp.org\/2021\/wp-json\/wp\/v2\/comments?post=8727"}],"version-history":[{"count":26,"href":"https:\/\/prague.wordcamp.org\/2021\/wp-json\/wp\/v2\/pages\/8727\/revisions"}],"predecessor-version":[{"id":13229,"href":"https:\/\/prague.wordcamp.org\/2021\/wp-json\/wp\/v2\/pages\/8727\/revisions\/13229"}],"wp:attachment":[{"href":"https:\/\/prague.wordcamp.org\/2021\/wp-json\/wp\/v2\/media?parent=8727"}],"curies":[{"name":"wp","href":"https:\/\/api.w.org\/{rel}","templated":true}]}}