{"id":9887,"date":"2020-02-27T09:33:09","date_gmt":"2020-02-27T08:33:09","guid":{"rendered":"https:\/\/2020.prague.wordcamp.org\/?page_id=9887"},"modified":"2020-02-27T11:49:40","modified_gmt":"2020-02-27T10:49:40","slug":"networking-app","status":"publish","type":"page","link":"https:\/\/prague.wordcamp.org\/2020\/networking-app\/","title":{"rendered":"Networking APP"},"content":{"rendered":"\n<p><strong>1. St\u00e1hn\u011bte si appku<\/strong> \/ <strong>Download the app<\/strong><\/p>\n\n\n\n<div class=\"wp-block-columns is-layout-flex wp-container-core-columns-is-layout-9d6595d7 wp-block-columns-is-layout-flex\">\n<div class=\"wp-block-column is-layout-flow wp-block-column-is-layout-flow\">\n<div class=\"wp-block-image\"><figure class=\"alignleft size-large\"><img data-recalc-dims=\"1\" loading=\"lazy\" decoding=\"async\" width=\"640\" height=\"546\" src=\"https:\/\/i0.wp.com\/2020.prague.wordcamp.org\/files\/2020\/01\/ImpromptMe-1024x873.png?resize=640%2C546&#038;ssl=1\" alt=\"\" class=\"wp-image-9350\" \/><\/figure><\/div>\n<\/div>\n\n\n\n<div class=\"wp-block-column is-layout-flow wp-block-column-is-layout-flow\">\n<figure class=\"wp-block-image size-full is-resized\"><a href=\"https:\/\/apps.apple.com\/us\/app\/impromptme-conference\/id1450282013?ign-mpt=uo%3D4\" target=\"_blank\" rel=\"noopener noreferrer\"><img data-recalc-dims=\"1\" loading=\"lazy\" decoding=\"async\" src=\"https:\/\/i0.wp.com\/2020.prague.wordcamp.org\/files\/2020\/02\/apple_store-2.png?resize=241%2C73&#038;ssl=1\" alt=\"\" class=\"wp-image-9936\" width=\"241\" height=\"73\" \/><\/a><\/figure>\n\n\n\n<figure class=\"wp-block-image size-full is-resized\"><a href=\"https:\/\/play.google.com\/store\/apps\/details?id=com.impromptme.conference\" target=\"_blank\" rel=\"noopener noreferrer\"><img data-recalc-dims=\"1\" loading=\"lazy\" decoding=\"async\" src=\"https:\/\/i0.wp.com\/2020.prague.wordcamp.org\/files\/2020\/02\/google_play-1.png?resize=240%2C70&#038;ssl=1\" alt=\"\" class=\"wp-image-9935\" width=\"240\" height=\"70\" srcset=\"https:\/\/i0.wp.com\/prague.wordcamp.org\/2020\/files\/2020\/02\/google_play-1.png?w=800&amp;ssl=1 800w, https:\/\/i0.wp.com\/prague.wordcamp.org\/2020\/files\/2020\/02\/google_play-1.png?resize=300%2C88&amp;ssl=1 300w, https:\/\/i0.wp.com\/prague.wordcamp.org\/2020\/files\/2020\/02\/google_play-1.png?resize=768%2C226&amp;ssl=1 768w, https:\/\/i0.wp.com\/prague.wordcamp.org\/2020\/files\/2020\/02\/google_play-1.png?resize=500%2C147&amp;ssl=1 500w\" sizes=\"auto, (max-width: 240px) 100vw, 240px\" \/><\/a><\/figure>\n\n\n\n<p><\/p>\n<\/div>\n<\/div>\n\n\n\n<p><strong>2. Zaregistrujte se &amp; najd\u011bte n\u00e1s pomoc\u00ed<\/strong> \/ <strong>Register &amp; find the event using<\/strong><\/p>\n\n\n\n<p>&nbsp;#WordCampPraha<\/p>\n\n\n\n<div class=\"wp-block-columns is-layout-flex wp-container-core-columns-is-layout-9d6595d7 wp-block-columns-is-layout-flex\">\n<div class=\"wp-block-column is-layout-flow wp-block-column-is-layout-flow\"><\/div>\n\n\n\n<div class=\"wp-block-column is-layout-flow wp-block-column-is-layout-flow\">\n<figure class=\"wp-block-image size-full is-resized\"><img data-recalc-dims=\"1\" loading=\"lazy\" decoding=\"async\" src=\"https:\/\/i0.wp.com\/2020.prague.wordcamp.org\/files\/2020\/02\/impromptme-hash-1.png?resize=240%2C45&#038;ssl=1\" alt=\"\" class=\"wp-image-9924\" width=\"240\" height=\"45\" srcset=\"https:\/\/i0.wp.com\/prague.wordcamp.org\/2020\/files\/2020\/02\/impromptme-hash-1.png?w=600&amp;ssl=1 600w, https:\/\/i0.wp.com\/prague.wordcamp.org\/2020\/files\/2020\/02\/impromptme-hash-1.png?resize=300%2C56&amp;ssl=1 300w, https:\/\/i0.wp.com\/prague.wordcamp.org\/2020\/files\/2020\/02\/impromptme-hash-1.png?resize=500%2C93&amp;ssl=1 500w\" sizes=\"auto, (max-width: 240px) 100vw, 240px\" \/><\/figure>\n<\/div>\n<\/div>\n","protected":false},"excerpt":{"rendered":"<p>1. St\u00e1hn\u011bte si appku \/ Download the app 2. Zaregistrujte se &amp; najd\u011bte n\u00e1s pomoc\u00ed \/ Register &amp; find the event using &nbsp;#WordCampPraha<\/p>\n","protected":false},"author":14050131,"featured_media":0,"parent":0,"menu_order":0,"comment_status":"closed","ping_status":"closed","template":"","meta":{"jetpack_post_was_ever_published":false,"footnotes":""},"class_list":["post-9887","page","type-page","status-publish","hentry"],"jetpack_sharing_enabled":true,"_links":{"self":[{"href":"https:\/\/prague.wordcamp.org\/2020\/wp-json\/wp\/v2\/pages\/9887","targetHints":{"allow":["GET"]}}],"collection":[{"href":"https:\/\/prague.wordcamp.org\/2020\/wp-json\/wp\/v2\/pages"}],"about":[{"href":"https:\/\/prague.wordcamp.org\/2020\/wp-json\/wp\/v2\/types\/page"}],"author":[{"embeddable":true,"href":"https:\/\/prague.wordcamp.org\/2020\/wp-json\/wp\/v2\/users\/14050131"}],"replies":[{"embeddable":true,"href":"https:\/\/prague.wordcamp.org\/2020\/wp-json\/wp\/v2\/comments?post=9887"}],"version-history":[{"count":34,"href":"https:\/\/prague.wordcamp.org\/2020\/wp-json\/wp\/v2\/pages\/9887\/revisions"}],"predecessor-version":[{"id":9937,"href":"https:\/\/prague.wordcamp.org\/2020\/wp-json\/wp\/v2\/pages\/9887\/revisions\/9937"}],"wp:attachment":[{"href":"https:\/\/prague.wordcamp.org\/2020\/wp-json\/wp\/v2\/media?parent=9887"}],"curies":[{"name":"wp","href":"https:\/\/api.w.org\/{rel}","templated":true}]}}