{"id":505,"date":"2016-12-21T14:59:14","date_gmt":"2016-12-21T13:59:14","guid":{"rendered":"http:\/\/2017.prague.wordcamp.org\/?page_id=505"},"modified":"2020-01-27T15:32:46","modified_gmt":"2020-01-27T14:32:46","slug":"media-loga","status":"publish","type":"page","link":"https:\/\/prague.wordcamp.org\/2020\/media-loga\/","title":{"rendered":"M\u00e9dia &#8211; loga a bannery"},"content":{"rendered":"\n<h2 class=\"wp-block-heading\">WordCamp Praha 2020<\/h2>\n\n\n\n<p>V sobotu <strong>29. \u00fanora 2020<\/strong> se uskute\u010dn\u00ed sedm\u00fd ro\u010dn\u00edk konference WordCamp Praha 2020,  kter\u00e1 se bude v\u011bnovat redak\u010dn\u00edmu syst\u00e9mu <strong>WordPress<\/strong> z pohledu u\u017eivatel\u016f i v\u00fdvoj\u00e1\u0159\u016f a t\u00e9mat\u016fm t\u00fdkaj\u00edc\u00edm se tvorby a provozu internetov\u00fdch str\u00e1nek na t\u00e9to celosv\u011btov\u011b nejroz\u0161\u00ed\u0159en\u011bj\u0161\u00ed publika\u010dn\u00ed platform\u011b.  V\u016fbec poprv\u00e9 bude konferenci hostit pra\u017esk\u00e9 <a href=\"https:\/\/www.cubexcentrum.cz\/\">Cubex<\/a> centrum. <\/p>\n\n\n\n<p>V p\u0159\u00edpad\u011b dotaz\u016f kontaktujte pros\u00edm Karol\u00ednu Vysko\u010dilovou (hlavn\u00ed po\u0159adatelku &#8211; <a href=\"mailto:karolina@kybernaut.cz\">karolina@kybernaut.cz<\/a>, <a href=\"http:\/\/+420737878726\">+420 737 878 726<\/a>), nebo Vladim\u00edra Smitku (fakturace, m\u00e9dia &#8211; <a href=\"mailto:vladimir.smitka@lynt.cz\">vladimir.smitka@lynt.cz<\/a>).<\/p>\n\n\n\n<p>Novin\u00e1\u0159sk\u00e9 akreditace si pros\u00edm rezervujte na emailu <a href=\"mailto:vladimir.smitka@lynt.cz\">vladimir.smitka@lynt.cz<\/a>.<\/p>\n\n\n\n<p><\/p>\n\n\n\n<figure class=\"wp-block-image\"><img data-recalc-dims=\"1\" loading=\"lazy\" decoding=\"async\" width=\"640\" height=\"264\" src=\"https:\/\/i0.wp.com\/2020.prague.wordcamp.org\/files\/2019\/10\/71215745_3663600913666086_7820172217995493376_n.jpg?resize=640%2C264&#038;ssl=1\" alt=\"\" class=\"wp-image-8283\" srcset=\"https:\/\/i0.wp.com\/prague.wordcamp.org\/2020\/files\/2019\/10\/71215745_3663600913666086_7820172217995493376_n.jpg?w=820&amp;ssl=1 820w, https:\/\/i0.wp.com\/prague.wordcamp.org\/2020\/files\/2019\/10\/71215745_3663600913666086_7820172217995493376_n.jpg?resize=300%2C124&amp;ssl=1 300w, https:\/\/i0.wp.com\/prague.wordcamp.org\/2020\/files\/2019\/10\/71215745_3663600913666086_7820172217995493376_n.jpg?resize=768%2C317&amp;ssl=1 768w, https:\/\/i0.wp.com\/prague.wordcamp.org\/2020\/files\/2019\/10\/71215745_3663600913666086_7820172217995493376_n.jpg?resize=500%2C206&amp;ssl=1 500w\" sizes=\"auto, (max-width: 640px) 100vw, 640px\" \/><\/figure>\n\n\n<h2>&nbsp;Logo WordCamp Praha 2020<\/h2>\n<p><img data-recalc-dims=\"1\" loading=\"lazy\" decoding=\"async\" class=\"alignnone size-medium wp-image-4458\" src=\"https:\/\/i0.wp.com\/2020.prague.wordcamp.org\/files\/2018\/11\/wp_logo_2019-297x300.png?resize=297%2C300&#038;ssl=1\" alt=\"\" width=\"297\" height=\"300\"><img data-recalc-dims=\"1\" loading=\"lazy\" decoding=\"async\" class=\"alignnone size-medium wp-image-7927\" src=\"https:\/\/i0.wp.com\/2020.prague.wordcamp.org\/files\/2019\/07\/wp_logo-e1559134843691-300x295.png?resize=300%2C295&#038;ssl=1\" alt=\"\" width=\"300\" height=\"295\" srcset=\"https:\/\/i0.wp.com\/prague.wordcamp.org\/2020\/files\/2019\/07\/wp_logo-e1559134843691.png?resize=300%2C295&amp;ssl=1 300w, https:\/\/i0.wp.com\/prague.wordcamp.org\/2020\/files\/2019\/07\/wp_logo-e1559134843691.png?resize=305%2C300&amp;ssl=1 305w, https:\/\/i0.wp.com\/prague.wordcamp.org\/2020\/files\/2019\/07\/wp_logo-e1559134843691.png?w=532&amp;ssl=1 532w\" sizes=\"auto, (max-width: 300px) 100vw, 300px\" \/><\/p>\n<h2>Wapuu WordCamp Praha<\/h2>\n<p><img data-recalc-dims=\"1\" loading=\"lazy\" decoding=\"async\" class=\"alignnone size-medium wp-image-17\" src=\"https:\/\/i0.wp.com\/2018.prague.wordcamp.org\/files\/2016\/10\/wapuuking-1024x724-300x212.png?resize=300%2C212&#038;ssl=1\" alt=\"\" width=\"300\" height=\"212\"><\/p>\n<h2>Cover<\/h2>\n<p><a href=\"https:\/\/i0.wp.com\/2020.prague.wordcamp.org\/files\/2018\/11\/fb-wordcamp.jpg?ssl=1\"><img data-recalc-dims=\"1\" loading=\"lazy\" decoding=\"async\" class=\"alignnone size-full wp-image-4589\" src=\"https:\/\/i0.wp.com\/2020.prague.wordcamp.org\/files\/2018\/11\/fb-wordcamp.jpg?resize=640%2C264&#038;ssl=1\" alt=\"\" width=\"640\" height=\"264\"><\/a><\/p>\n<h2>Banner<\/h2>\n<h2>Banner do sidebaru<\/h2>\n<p><strong>300&#215;300<\/strong><\/p>\n<p><a href=\"https:\/\/i0.wp.com\/2020.prague.wordcamp.org\/files\/2019\/07\/WC2020-ja-tam-budu-300x300.jpg?ssl=1\"><img data-recalc-dims=\"1\" loading=\"lazy\" decoding=\"async\" class=\"alignnone wp-image-8051\" src=\"https:\/\/i0.wp.com\/2020.prague.wordcamp.org\/files\/2019\/07\/WC2020-ja-tam-budu-300x300.jpg?resize=300%2C300&#038;ssl=1\" alt=\"\" width=\"300\" height=\"300\" srcset=\"https:\/\/i0.wp.com\/prague.wordcamp.org\/2020\/files\/2019\/07\/WC2020-ja-tam-budu-300x300.jpg?resize=300%2C300&amp;ssl=1 300w, https:\/\/i0.wp.com\/prague.wordcamp.org\/2020\/files\/2019\/07\/WC2020-ja-tam-budu-300x300.jpg?resize=150%2C150&amp;ssl=1 150w\" sizes=\"auto, (max-width: 300px) 100vw, 300px\" \/><\/a><\/p>\n<pre>K\u00f3d pro um\u00edst\u011bn\u00ed banneru:\n&lt;a href=\"https:\/\/2020.prague.wordcamp.org\"&gt;&lt;img src=\"https:\/\/2020.prague.wordcamp.org\/files\/2019\/07\/WC2020-ja-tam-budu-300x300.jpg\" alt=\"WordCamp Praha 2020\" width=\"300\" height=\"300\" \/&gt;&lt;\/a&gt;<\/pre>\n<p><strong>250&#215;250<\/strong><\/p>\n<p><img data-recalc-dims=\"1\" loading=\"lazy\" decoding=\"async\" class=\"alignnone size-full wp-image-3303\" src=\"https:\/\/i0.wp.com\/2020.prague.wordcamp.org\/files\/2018\/11\/wordcamp_250x250.jpg?resize=250%2C250&#038;ssl=1\" alt=\"\" width=\"250\" height=\"250\"><a href=\"https:\/\/i0.wp.com\/2020.prague.wordcamp.org\/files\/2019\/07\/WC2020-my-tam-budeme-250x250.jpg?ssl=1\"><img data-recalc-dims=\"1\" loading=\"lazy\" decoding=\"async\" class=\"alignnone wp-image-8053\" src=\"https:\/\/i0.wp.com\/2020.prague.wordcamp.org\/files\/2019\/07\/WC2020-my-tam-budeme-250x250.jpg?resize=250%2C250&#038;ssl=1\" alt=\"\" width=\"250\" height=\"250\" srcset=\"https:\/\/i0.wp.com\/prague.wordcamp.org\/2020\/files\/2019\/07\/WC2020-my-tam-budeme-250x250.jpg?resize=250%2C250&amp;ssl=1 250w, https:\/\/i0.wp.com\/prague.wordcamp.org\/2020\/files\/2019\/07\/WC2020-my-tam-budeme-250x250.jpg?resize=150%2C150&amp;ssl=1 150w\" sizes=\"auto, (max-width: 250px) 100vw, 250px\" \/><\/a><\/p>\n<pre>K\u00f3d pro um\u00edst\u011bn\u00ed banneru:\n&lt;a href=\"https:\/\/2020.prague.wordcamp.org\/\"&gt;&lt;img src=\"https:\/\/2020.prague.wordcamp.org\/files\/2019\/07\/WC2020-my-tam-budeme-250x250.jpg\" alt=\"WordCamp Praha 2020\" width=\"250\" height=\"250\" \/&gt;&lt;\/a&gt;<\/pre>\n<p><strong>250&#215;250<\/strong><\/p>\n<p><a href=\"https:\/\/i0.wp.com\/2020.prague.wordcamp.org\/files\/2019\/07\/WC2020-zucastnim-se-250x250.jpg?ssl=1\"><img data-recalc-dims=\"1\" loading=\"lazy\" decoding=\"async\" class=\"alignnone wp-image-8055\" src=\"https:\/\/i0.wp.com\/2020.prague.wordcamp.org\/files\/2019\/07\/WC2020-zucastnim-se-250x250.jpg?resize=250%2C250&#038;ssl=1\" alt=\"\" width=\"250\" height=\"250\" srcset=\"https:\/\/i0.wp.com\/prague.wordcamp.org\/2020\/files\/2019\/07\/WC2020-zucastnim-se-250x250.jpg?resize=250%2C250&amp;ssl=1 250w, https:\/\/i0.wp.com\/prague.wordcamp.org\/2020\/files\/2019\/07\/WC2020-zucastnim-se-250x250.jpg?resize=150%2C150&amp;ssl=1 150w\" sizes=\"auto, (max-width: 250px) 100vw, 250px\" \/><\/a><img data-recalc-dims=\"1\" loading=\"lazy\" decoding=\"async\" class=\"alignnone size-full wp-image-3303\" src=\"https:\/\/i0.wp.com\/2020.prague.wordcamp.org\/files\/2018\/11\/wordcamp_2_250x250.jpg?resize=250%2C250&#038;ssl=1\" alt=\"\" width=\"250\" height=\"250\"><\/p>\n<pre>K\u00f3d pro um\u00edst\u011bn\u00ed banneru:\n&lt;a href=\"https:\/\/2020.prague.wordcamp.org\/\"&gt;&lt;img src=\"https:\/\/2020.prague.wordcamp.org\/files\/2019\/07\/WC2020-zucastnim-se-250x250.jpg\" alt=\"WordCamp Praha 2020\" width=\"250\" height=\"250\" \/&gt;&lt;\/a&gt;<\/pre>\n<p><strong>250&#215;250<\/strong><\/p>\n<p><a href=\"https:\/\/i0.wp.com\/2020.prague.wordcamp.org\/files\/2019\/07\/WC2020-prohlednout-program-250x250.jpg?ssl=1\"><img data-recalc-dims=\"1\" loading=\"lazy\" decoding=\"async\" class=\"alignnone wp-image-8054\" src=\"https:\/\/i0.wp.com\/2020.prague.wordcamp.org\/files\/2019\/07\/WC2020-prohlednout-program-250x250.jpg?resize=250%2C250&#038;ssl=1\" alt=\"\" width=\"250\" height=\"250\" srcset=\"https:\/\/i0.wp.com\/prague.wordcamp.org\/2020\/files\/2019\/07\/WC2020-prohlednout-program-250x250.jpg?resize=250%2C250&amp;ssl=1 250w, https:\/\/i0.wp.com\/prague.wordcamp.org\/2020\/files\/2019\/07\/WC2020-prohlednout-program-250x250.jpg?resize=150%2C150&amp;ssl=1 150w\" sizes=\"auto, (max-width: 250px) 100vw, 250px\" \/><\/a><\/p>\n<pre>K\u00f3d pro um\u00edst\u011bn\u00ed banneru:\n&lt;a href=\"https:\/\/2020.prague.wordcamp.org\/\"&gt;&lt;img src=\"https:\/\/2020.prague.wordcamp.org\/files\/2019\/07\/WC2020-prohlednout-program-250x250.jpg\" alt=\"WordCamp Praha 2020\" width=\"250\" height=\"250\" \/&gt;&lt;\/a&gt;<\/pre>\n<p><strong>250&#215;250<\/strong><\/p>\n<p><a href=\"https:\/\/i0.wp.com\/2020.prague.wordcamp.org\/files\/2019\/07\/WC2020-koupit-listek-250x250.jpg?ssl=1\"><img data-recalc-dims=\"1\" loading=\"lazy\" decoding=\"async\" class=\"alignnone wp-image-8052\" src=\"https:\/\/i0.wp.com\/2020.prague.wordcamp.org\/files\/2019\/07\/WC2020-koupit-listek-250x250.jpg?resize=250%2C250&#038;ssl=1\" alt=\"\" width=\"250\" height=\"250\" srcset=\"https:\/\/i0.wp.com\/prague.wordcamp.org\/2020\/files\/2019\/07\/WC2020-koupit-listek-250x250.jpg?resize=250%2C250&amp;ssl=1 250w, https:\/\/i0.wp.com\/prague.wordcamp.org\/2020\/files\/2019\/07\/WC2020-koupit-listek-250x250.jpg?resize=150%2C150&amp;ssl=1 150w\" sizes=\"auto, (max-width: 250px) 100vw, 250px\" \/><\/a><\/p>\n<pre>K\u00f3d pro um\u00edst\u011bn\u00ed banneru:\n&lt;a href=\"https:\/\/2020.prague.wordcamp.org\/\"&gt;&lt;img src=\"https:\/\/2020.prague.wordcamp.org\/files\/2019\/07\/WC2020-koupit-listek-250x250.jpg\" alt=\"WordCamp Praha 2020\" width=\"250\" height=\"250\" \/&gt;&lt;\/a&gt;<\/pre>\n<h2>Standardn\u00ed bannery<\/h2>\n<p><strong>250&#215;250<\/strong><\/p>\n<p><a href=\"https:\/\/i0.wp.com\/2020.prague.wordcamp.org\/files\/2019\/07\/WC2020-CUBEX-ja-tam-budu-250x250.jpg?ssl=1\"><img data-recalc-dims=\"1\" loading=\"lazy\" decoding=\"async\" class=\"alignnone wp-image-8044\" src=\"https:\/\/i0.wp.com\/2020.prague.wordcamp.org\/files\/2019\/07\/WC2020-CUBEX-ja-tam-budu-250x250.jpg?resize=250%2C250&#038;ssl=1\" alt=\"\" width=\"250\" height=\"250\" srcset=\"https:\/\/i0.wp.com\/prague.wordcamp.org\/2020\/files\/2019\/07\/WC2020-CUBEX-ja-tam-budu-250x250.jpg?resize=250%2C250&amp;ssl=1 250w, https:\/\/i0.wp.com\/prague.wordcamp.org\/2020\/files\/2019\/07\/WC2020-CUBEX-ja-tam-budu-250x250.jpg?resize=150%2C150&amp;ssl=1 150w\" sizes=\"auto, (max-width: 250px) 100vw, 250px\" \/><\/a><\/p>\n<pre>K\u00f3d pro um\u00edst\u011bn\u00ed banneru:\n&lt;a href=\"https:\/\/2020.prague.wordcamp.org\/\"&gt;&lt;img src=\"https:\/\/2020.prague.wordcamp.org\/files\/2019\/07\/WC2020-CUBEX-ja-tam-budu-250x250.jpg\" alt=\"WordCamp Praha 2020\" width=\"250\" height=\"250\" \/&gt;&lt;\/a&gt;<\/pre>\n<p><strong>250&#215;250<\/strong><\/p>\n<p><a href=\"https:\/\/i0.wp.com\/2020.prague.wordcamp.org\/files\/2019\/07\/WC2020-CUBEX-zucastnim-se-250x250.jpg?ssl=1\"><img data-recalc-dims=\"1\" loading=\"lazy\" decoding=\"async\" class=\"alignnone wp-image-8049\" src=\"https:\/\/i0.wp.com\/2020.prague.wordcamp.org\/files\/2019\/07\/WC2020-CUBEX-zucastnim-se-250x250.jpg?resize=250%2C250&#038;ssl=1\" alt=\"\" width=\"250\" height=\"250\" srcset=\"https:\/\/i0.wp.com\/prague.wordcamp.org\/2020\/files\/2019\/07\/WC2020-CUBEX-zucastnim-se-250x250.jpg?resize=250%2C250&amp;ssl=1 250w, https:\/\/i0.wp.com\/prague.wordcamp.org\/2020\/files\/2019\/07\/WC2020-CUBEX-zucastnim-se-250x250.jpg?resize=150%2C150&amp;ssl=1 150w\" sizes=\"auto, (max-width: 250px) 100vw, 250px\" \/><\/a><\/p>\n<pre>K\u00f3d pro um\u00edst\u011bn\u00ed banneru:\n&lt;a href=\"https:\/\/2020.prague.wordcamp.org\/\"&gt;&lt;img src=\"https:\/\/2020.prague.wordcamp.org\/files\/2019\/07\/WC2020-CUBEX-zucastnim-se-250x250.jpg\" alt=\"WordCamp Praha 2020\" width=\"250\" height=\"250\" \/&gt;&lt;\/a&gt;<\/pre>\n<p><strong>250&#215;250<\/strong><\/p>\n<p><a href=\"https:\/\/i0.wp.com\/2020.prague.wordcamp.org\/files\/2019\/07\/WC2020-CUBEX-registrovat-250x250.jpg?ssl=1\"><img data-recalc-dims=\"1\" loading=\"lazy\" decoding=\"async\" class=\"alignnone wp-image-8048\" src=\"https:\/\/i0.wp.com\/2020.prague.wordcamp.org\/files\/2019\/07\/WC2020-CUBEX-registrovat-250x250.jpg?resize=250%2C250&#038;ssl=1\" alt=\"\" width=\"250\" height=\"250\" srcset=\"https:\/\/i0.wp.com\/prague.wordcamp.org\/2020\/files\/2019\/07\/WC2020-CUBEX-registrovat-250x250.jpg?resize=250%2C250&amp;ssl=1 250w, https:\/\/i0.wp.com\/prague.wordcamp.org\/2020\/files\/2019\/07\/WC2020-CUBEX-registrovat-250x250.jpg?resize=150%2C150&amp;ssl=1 150w\" sizes=\"auto, (max-width: 250px) 100vw, 250px\" \/><\/a><\/p>\n<pre>K\u00f3d pro um\u00edst\u011bn\u00ed banneru: \n&lt;a href=\"https:\/\/2020.prague.wordcamp.org\/\"&gt;&lt;img src=\"https:\/\/2020.prague.wordcamp.org\/files\/2019\/07\/WC2020-CUBEX-registrovat-250x250.jpg\" alt=\"WordCamp Praha 2020\" width=\"250\" height=\"250\" \/&gt;&lt;\/a&gt;<\/pre>\n<p><strong>250&#215;250<\/strong><\/p>\n<p><a href=\"https:\/\/i0.wp.com\/2020.prague.wordcamp.org\/files\/2019\/07\/WC2020-CUBEX-koupit-listek-250x250.jpg?ssl=1\"><img data-recalc-dims=\"1\" loading=\"lazy\" decoding=\"async\" class=\"alignnone wp-image-8045\" src=\"https:\/\/i0.wp.com\/2020.prague.wordcamp.org\/files\/2019\/07\/WC2020-CUBEX-koupit-listek-250x250.jpg?resize=250%2C250&#038;ssl=1\" alt=\"\" width=\"250\" height=\"250\" srcset=\"https:\/\/i0.wp.com\/prague.wordcamp.org\/2020\/files\/2019\/07\/WC2020-CUBEX-koupit-listek-250x250.jpg?resize=250%2C250&amp;ssl=1 250w, https:\/\/i0.wp.com\/prague.wordcamp.org\/2020\/files\/2019\/07\/WC2020-CUBEX-koupit-listek-250x250.jpg?resize=150%2C150&amp;ssl=1 150w\" sizes=\"auto, (max-width: 250px) 100vw, 250px\" \/><\/a><\/p>\n<pre>K\u00f3d pro um\u00edst\u011bn\u00ed banneru: \n&lt;a href=\"https:\/\/2020.prague.wordcamp.org\/\"&gt;&lt;img src=\"https:\/\/2020.prague.wordcamp.org\/files\/2019\/07\/WC2020-CUBEX-koupit-listek-250x250.jpg\" alt=\"WordCamp Praha 2020\" width=\"250\" height=\"250\" \/&gt;&lt;\/a&gt;<\/pre>\n<p><strong>320&#215;100<\/strong><\/p>\n<p><a href=\"https:\/\/i0.wp.com\/2020.prague.wordcamp.org\/files\/2019\/07\/WC2020-CUBEX-registorovat-310x100.jpg?ssl=1\"><img data-recalc-dims=\"1\" loading=\"lazy\" decoding=\"async\" class=\"alignnone wp-image-8074\" src=\"https:\/\/i0.wp.com\/2020.prague.wordcamp.org\/files\/2019\/07\/WC2020-CUBEX-registorovat-310x100.jpg?resize=320%2C100&#038;ssl=1\" alt=\"\" width=\"320\" height=\"100\" srcset=\"https:\/\/i0.wp.com\/prague.wordcamp.org\/2020\/files\/2019\/07\/WC2020-CUBEX-registorovat-310x100.jpg?w=320&amp;ssl=1 320w, https:\/\/i0.wp.com\/prague.wordcamp.org\/2020\/files\/2019\/07\/WC2020-CUBEX-registorovat-310x100.jpg?resize=300%2C94&amp;ssl=1 300w\" sizes=\"auto, (max-width: 320px) 100vw, 320px\" \/><\/a><\/p>\n<pre>K\u00f3d pro um\u00edst\u011bn\u00ed banneru: &lt;a href=\"https:\/\/2020.prague.wordcamp.org\/\"&gt;&lt;img src=https:\/\/2020.prague.wordcamp.org\/files\/2019\/07\/WC2020-CUBEX-registorovat-310x100.jpg\" alt=\"WordCamp Praha 2020\" width=\"310\" height=\"100\" \/&gt;&lt;\/a&gt;<\/pre>\n<p><strong>336&#215;280<\/strong><\/p>\n<p><a href=\"https:\/\/i0.wp.com\/2020.prague.wordcamp.org\/files\/2019\/07\/WC2020-CUBEX-registorovat-336x280.jpg?ssl=1\"><img data-recalc-dims=\"1\" loading=\"lazy\" decoding=\"async\" class=\"alignnone wp-image-8046\" src=\"https:\/\/i0.wp.com\/2020.prague.wordcamp.org\/files\/2019\/07\/WC2020-CUBEX-registorovat-336x280.jpg?resize=336%2C281&#038;ssl=1\" alt=\"\" width=\"336\" height=\"281\" srcset=\"https:\/\/i0.wp.com\/prague.wordcamp.org\/2020\/files\/2019\/07\/WC2020-CUBEX-registorovat-336x280.jpg?resize=336%2C280&amp;ssl=1 336w, https:\/\/i0.wp.com\/prague.wordcamp.org\/2020\/files\/2019\/07\/WC2020-CUBEX-registorovat-336x280.jpg?resize=300%2C251&amp;ssl=1 300w\" sizes=\"auto, (max-width: 336px) 100vw, 336px\" \/><\/a><\/p>\n<pre>K\u00f3d pro um\u00edst\u011bn\u00ed banneru:\n&lt;a href=\"https:\/\/2020.prague.wordcamp.org\/\"&gt;&lt;img src=\"https:\/\/2020.prague.wordcamp.org\/files\/2019\/07\/WC2020-CUBEX-registorovat-336x280.jpg\" alt=\"WordCamp Praha 2020\" width=\"336\" height=\"280\" \/&gt;&lt;\/a&gt;<\/pre>\n<p><strong>600&#215;500<\/strong><\/p>\n<p><a href=\"https:\/\/i0.wp.com\/2020.prague.wordcamp.org\/files\/2019\/07\/WC2020-CUBEX-registorovat-600x500.jpg?ssl=1\"><img data-recalc-dims=\"1\" loading=\"lazy\" decoding=\"async\" class=\"alignnone wp-image-8047\" src=\"https:\/\/i0.wp.com\/2020.prague.wordcamp.org\/files\/2019\/07\/WC2020-CUBEX-registorovat-600x500.jpg?resize=600%2C500&#038;ssl=1\" alt=\"\" width=\"600\" height=\"500\" srcset=\"https:\/\/i0.wp.com\/prague.wordcamp.org\/2020\/files\/2019\/07\/WC2020-CUBEX-registorovat-600x500.jpg?resize=600%2C500&amp;ssl=1 600w, https:\/\/i0.wp.com\/prague.wordcamp.org\/2020\/files\/2019\/07\/WC2020-CUBEX-registorovat-600x500.jpg?resize=300%2C250&amp;ssl=1 300w, https:\/\/i0.wp.com\/prague.wordcamp.org\/2020\/files\/2019\/07\/WC2020-CUBEX-registorovat-600x500.jpg?resize=360%2C300&amp;ssl=1 360w\" sizes=\"auto, (max-width: 600px) 100vw, 600px\" \/><\/a><\/p>\n<pre>K\u00f3d pro um\u00edst\u011bn\u00ed banneru:\n&lt;a href=\"https:\/\/2020.prague.wordcamp.org\/\"&gt;&lt;img src=\"https:\/\/2020.prague.wordcamp.org\/files\/2019\/07\/WC2020-CUBEX-registorovat-600x500.jpg\" alt=\"WordCamp Praha 2020\" width=\"600\" height=\"500\" \/&gt;&lt;\/a&gt;<\/pre>","protected":false},"excerpt":{"rendered":"<p>WordCamp Praha 2020 V sobotu 29. \u00fanora 2020 se uskute\u010dn\u00ed sedm\u00fd ro\u010dn\u00edk konference WordCamp Praha 2020, kter\u00e1 se bude v\u011bnovat redak\u010dn\u00edmu syst\u00e9mu WordPress z pohledu u\u017eivatel\u016f i v\u00fdvoj\u00e1\u0159\u016f a t\u00e9mat\u016fm t\u00fdkaj\u00edc\u00edm se tvorby a provozu internetov\u00fdch str\u00e1nek na t\u00e9to celosv\u011btov\u011b nejroz\u0161\u00ed\u0159en\u011bj\u0161\u00ed publika\u010dn\u00ed platform\u011b. V\u016fbec poprv\u00e9 bude konferenci hostit pra\u017esk\u00e9 Cubex centrum. V p\u0159\u00edpad\u011b dotaz\u016f kontaktujte &hellip; <a href=\"https:\/\/prague.wordcamp.org\/2020\/media-loga\/\" class=\"more-link\">Pokra\u010dovat ve \u010dten\u00ed<span class=\"screen-reader-text\"> &#8222;M\u00e9dia &#8211; loga a bannery&#8220;<\/span><\/a><\/p>\n","protected":false},"author":9292185,"featured_media":0,"parent":0,"menu_order":0,"comment_status":"closed","ping_status":"closed","template":"","meta":{"jetpack_post_was_ever_published":false,"footnotes":""},"class_list":["post-505","page","type-page","status-publish","hentry"],"jetpack_sharing_enabled":true,"_links":{"self":[{"href":"https:\/\/prague.wordcamp.org\/2020\/wp-json\/wp\/v2\/pages\/505","targetHints":{"allow":["GET"]}}],"collection":[{"href":"https:\/\/prague.wordcamp.org\/2020\/wp-json\/wp\/v2\/pages"}],"about":[{"href":"https:\/\/prague.wordcamp.org\/2020\/wp-json\/wp\/v2\/types\/page"}],"author":[{"embeddable":true,"href":"https:\/\/prague.wordcamp.org\/2020\/wp-json\/wp\/v2\/users\/9292185"}],"replies":[{"embeddable":true,"href":"https:\/\/prague.wordcamp.org\/2020\/wp-json\/wp\/v2\/comments?post=505"}],"version-history":[{"count":25,"href":"https:\/\/prague.wordcamp.org\/2020\/wp-json\/wp\/v2\/pages\/505\/revisions"}],"predecessor-version":[{"id":9296,"href":"https:\/\/prague.wordcamp.org\/2020\/wp-json\/wp\/v2\/pages\/505\/revisions\/9296"}],"wp:attachment":[{"href":"https:\/\/prague.wordcamp.org\/2020\/wp-json\/wp\/v2\/media?parent=505"}],"curies":[{"name":"wp","href":"https:\/\/api.w.org\/{rel}","templated":true}]}}