{"id":486,"date":"2016-12-21T11:41:19","date_gmt":"2016-12-21T10:41:19","guid":{"rendered":"http:\/\/2017.prague.wordcamp.org\/?page_id=486"},"modified":"2019-02-14T17:20:07","modified_gmt":"2019-02-14T16:20:07","slug":"sponzorstvi","status":"publish","type":"page","link":"https:\/\/prague.wordcamp.org\/2019\/sponzorstvi\/","title":{"rendered":"Sponzorstv\u00ed"},"content":{"rendered":"<p>Za po\u0159\u00e1d\u00e1n\u00ed podobn\u00fdch komunitn\u00edch akc\u00ed m\u016f\u017eeme pod\u011bkovat p\u0159edev\u0161\u00edm sponzor\u016fm. Pokud chcete komunit\u011b pomoci, nab\u00edz\u00edme v\u00e1m n\u011bkolik \u00farovn\u00ed sponzorstv\u00ed.<\/p>\n<p>I mal\u00e9 \u010d\u00e1stky n\u00e1m ale mohou pomoci. Pokud chcete p\u0159isp\u011bt alespo\u0148 malou \u010d\u00e1stkou, m\u016f\u017eete se st\u00e1t tzv. mikrosponzorem. Sta\u010d\u00ed kontaktovat n\u011bkter\u00e9ho z\u00a0organiz\u00e1tor\u016f, kter\u00fd s v\u00e1mi do\u0159e\u0161\u00ed v\u0161e pot\u0159ebn\u00e9.<\/p>\n<p>Detaily naleznete v dokumentu\u00a0<a href=\"\/files\/2018\/11\/sponzoring_wordcamp_prague_2019.pdf\" target=\"_blank\" rel=\"noopener\">Sponzorstv\u00ed WordCamp Prague 2019<\/a>.<\/p>\n<p><strong>Sponzory st\u00e1le hled\u00e1me!<\/strong><\/p>\n<h3>Hlavn\u00ed partne\u0159i<\/h3>\n<div class=\"row logos\"><a href=\"https:\/\/www.vse.cz\/\" target=\"_blank\" rel=\"noopener\"><img decoding=\"async\" src=\"\/files\/2019\/01\/logo_vse.png\" alt=\"logo vse\" \/><\/a><br \/>\n<a href=\"https:\/\/anydesk.cz\/\" target=\"_blank\" rel=\"noopener\"><img decoding=\"async\" src=\"\/files\/2019\/02\/anydesk_logo.png\" alt=\"logo anydesk\" \/><\/a><\/div>\n<h3>Zlat\u00ed sponzo\u0159i<\/h3>\n<div class=\"row logos\"><a href=\"https:\/\/jetpack.com\/\" target=\"_blank\" rel=\"noopener\"><img decoding=\"async\" src=\"\/files\/2018\/11\/logo-jetpack-300x82.png\" alt=\"logo jetpack\" \/><\/a><br \/>\n<a href=\"https:\/\/woocommerce.com\/\" target=\"_blank\" rel=\"noopener\"><img decoding=\"async\" src=\"\/files\/2017\/12\/woocommerce_logo-300x60.png\" alt=\"logo woocommerce\" \/><\/a><a href=\"https:\/\/www.wp-hosting.cz\/\" target=\"_blank\" rel=\"noopener\"><img decoding=\"async\" src=\"\/files\/2018\/11\/wphosting.png\" alt=\"logo-wphosting\" \/><\/a><\/div>\n<h3>St\u0159\u00edbrn\u00ed sponzo\u0159i<\/h3>\n<div class=\"row logos\"><a href=\"https:\/\/uk.godaddy.com\/\" target=\"_blank\" rel=\"noopener\"><img decoding=\"async\" src=\"\/files\/2018\/07\/GoDaddy_Pro_RGB_Full_B2.png\" alt=\"logo godaddy\" \/><\/a><br \/>\n<a href=\"https:\/\/www.bluehost.com\/\" target=\"_blank\" rel=\"noopener\"><img decoding=\"async\" src=\"\/files\/2018\/07\/bh_logo_2015.png\" alt=\"logo bluehost\" \/><\/a><br \/>\n<a href=\"https:\/\/www.active24.cz\/\" target=\"_blank\" rel=\"noopener\"><img decoding=\"async\" src=\"\/files\/2018\/11\/logo-active24.png\" alt=\"logo active24\" \/><\/a><br \/>\n<a href=\"https:\/\/www.simpleshop.cz\/vstupenky\/\" target=\"_blank\" rel=\"noopener\"><img decoding=\"async\" src=\"\/files\/2018\/11\/simple.png\" alt=\"logo simpleticket\" \/><\/a><\/div>\n<h3>Bronzov\u00ed sponzo\u0159i<\/h3>\n<div class=\"row logos\"><a href=\"https:\/\/lynt.cz\" target=\"_blank\" rel=\"noopener\"><img decoding=\"async\" src=\"\/files\/2018\/12\/lynt-logo.png\" alt=\"lynt logo\" \/><\/a><br \/>\n<a href=\"https:\/\/www.brilo.cz\/\" target=\"_blank\" rel=\"noopener\"><img decoding=\"async\" src=\"\/files\/2019\/01\/logo_brilo.png\" alt=\"brilo logo\" \/><\/a><br \/>\n<a href=\"https:\/\/weglot.com\/\" target=\"_blank\" rel=\"noopener\"><img decoding=\"async\" src=\"\/files\/2018\/12\/Weglot-logo.png\" alt=\"weglot logo\" \/><\/a><br \/>\n<a href=\"https:\/\/www.seo-liberec.cz\/\" target=\"_blank\" rel=\"noopener\"><img decoding=\"async\" src=\"\/files\/2019\/01\/im-connect.png\" alt=\"im-connect logo\" \/><\/a><br \/>\n<a href=\"https:\/\/www.spolehlive-servery.cz\/\" target=\"_blank\" rel=\"noopener\"><img decoding=\"async\" src=\"\/files\/2019\/02\/logo-spolehlive-servery.png\" alt=\"spolehlive-servery logo\" \/><\/a><br \/>\n<a href=\"https:\/\/www.cesky-hosting.cz\/\" target=\"_blank\" rel=\"noopener\"><img decoding=\"async\" src=\"\/files\/2019\/02\/logo-cesky-hosting.png\" alt=\"cesky-hosting logo\" \/><\/a><br \/>\n<a href=\"https:\/\/impromptme.com\/\" target=\"_blank\" rel=\"noopener\"><img decoding=\"async\" src=\"\/files\/2019\/02\/ime-logo.png\" alt=\"ime logo\" \/><\/a><\/div>\n<h3>Medi\u00e1ln\u00ed partne\u0159i<\/h3>\n<div class=\"row logos\"><a href=\"https:\/\/www.zive.cz\/\" target=\"_blank\" rel=\"noopener\"><img decoding=\"async\" src=\"\/files\/2018\/12\/zive.jpeg\" alt=\"zive logo\" \/><\/a><br \/>\n<a href=\"https:\/\/www.czechitas.cz\/cs\/\" target=\"_blank\" rel=\"noopener\"><img decoding=\"async\" src=\"\/files\/2018\/12\/czechitas.png\" alt=\"czechitas logo\" \/><\/a><br \/>\n<a href=\"https:\/\/www.svetandroida.cz\/\" target=\"_blank\" rel=\"noopener\"><img decoding=\"async\" src=\"\/files\/2019\/01\/logo-svetandroida.png\" alt=\"svetandroida logo\" \/><\/a><br \/>\n<a href=\"https:\/\/www.zdrojak.cz\/\" target=\"_blank\" rel=\"noopener\"><img decoding=\"async\" src=\"\/files\/2019\/01\/logo_zdrojak.png\" alt=\"zdrojak logo\" \/><\/a><br \/>\n<a href=\"https:\/\/smartmania.cz\/\" target=\"_blank\" rel=\"noopener\"><img decoding=\"async\" src=\"\/files\/2019\/01\/logo_smartmania.png\" alt=\"smartmania logo\" \/><\/a><br \/>\n<a href=\"https:\/\/mobilizujeme.cz\/\" target=\"_blank\" rel=\"noopener\"><img decoding=\"async\" src=\"\/files\/2019\/01\/logo_mobilizujeme.png\" alt=\"mobilizujeme logo\" \/><\/a><br \/>\n<a href=\"https:\/\/www.freelo.cz\/\" target=\"_blank\" rel=\"noopener\"><img decoding=\"async\" src=\"\/files\/2019\/01\/logo_freelo.png\" alt=\"freelo logo\" \/><\/a><br \/>\n<a href=\"https:\/\/www.luxus.cz\/\" target=\"_blank\" rel=\"noopener\"><img decoding=\"async\" src=\"\/files\/2018\/12\/luxus-logo.png\" alt=\"luxus logo\" \/><\/a><\/div>\n<h3>Ostatn\u00ed sponzo\u0159i<\/h3>\n<p><a href=\"http:\/\/tondapatek.cz\/\" target=\"_blank\" rel=\"noopener\">Tonda P\u00e1tek &#8211; Spolehliv\u00fd grafik<\/a><br \/>\n<a href=\"https:\/\/www.wpjakub.cz\/\" target=\"_blank\" rel=\"noopener\">Jakub Kade\u0159\u00e1vek &#8211; tvorba web\u016f na WordPressu na m\u00edru<\/a><br \/>\n<a href=\"https:\/\/www.laita.cz\/\" target=\"_blank\" rel=\"noopener\">Adam Laita \u2013 WordPress Specialista \/ Front-End Kod\u00e9r<\/a><br \/>\n<a href=\"https:\/\/kybernaut.cz\/\" target=\"_blank\" rel=\"noopener\">Karol\u00edna Vysko\u010dilov\u00e1 &#8211;\u00a0WordPress a WooCommerce program\u00e1tor a konzultant<\/a><br \/>\n<a href=\"https:\/\/cahlik.cz\/\" target=\"_blank\" rel=\"noopener\">Pavel Cahl\u00edk &#8211;\u00a0Brandov\u00fd specialista a strat\u00e9g<\/a><br \/>\n<a href=\"https:\/\/marekpech.cz\/\" target=\"_blank\" rel=\"noopener\">Marek Pech &#8211; PPC specialista<\/a><br \/>\n<a href=\"https:\/\/www.rostoucinabytek.com\/\" target=\"_blank\" rel=\"noopener\">Rostouc\u00edN\u00e1bytek.com\u00a0&#8211; eshop postaven\u00fd na WP + WooCommerce<\/a><br \/>\n<a href=\"https:\/\/dimensiongroup.cz\/\" target=\"_blank\" rel=\"noopener\">dimensiongroup.cz\u00a0&#8211; Visual branding studio<\/a><br \/>\n<a href=\"https:\/\/jurosko.sk\/\" target=\"_blank\" rel=\"noopener\">jurosko.sk\u00a0&#8211; blog o WordPress<\/a><br \/>\n<a href=\"https:\/\/www.mobiloud.com\/\" target=\"_blank\" rel=\"noopener\">mobiloud.com\u00a0&#8211; Convert WP websites into mobile apps for iOS and Android.<\/a><\/p>\n","protected":false},"excerpt":{"rendered":"<p>Za po\u0159\u00e1d\u00e1n\u00ed podobn\u00fdch komunitn\u00edch akc\u00ed m\u016f\u017eeme pod\u011bkovat p\u0159edev\u0161\u00edm sponzor\u016fm. Pokud chcete komunit\u011b pomoci, nab\u00edz\u00edme v\u00e1m n\u011bkolik \u00farovn\u00ed sponzorstv\u00ed. I mal\u00e9 \u010d\u00e1stky n\u00e1m ale mohou pomoci. Pokud chcete p\u0159isp\u011bt alespo\u0148 malou \u010d\u00e1stkou, m\u016f\u017eete se st\u00e1t tzv. mikrosponzorem. Sta\u010d\u00ed kontaktovat n\u011bkter\u00e9ho z\u00a0organiz\u00e1tor\u016f, kter\u00fd s v\u00e1mi do\u0159e\u0161\u00ed v\u0161e pot\u0159ebn\u00e9. Detaily naleznete v dokumentu\u00a0Sponzorstv\u00ed WordCamp Prague 2019. Sponzory st\u00e1le &hellip; <a href=\"https:\/\/prague.wordcamp.org\/2019\/sponzorstvi\/\" class=\"more-link\">Pokra\u010dov\u00e1n\u00ed textu <span class=\"screen-reader-text\">Sponzorstv\u00ed<\/span><\/a><\/p>\n","protected":false},"author":9292185,"featured_media":0,"parent":0,"menu_order":0,"comment_status":"closed","ping_status":"closed","template":"","meta":{"jetpack_post_was_ever_published":false,"footnotes":""},"class_list":["post-486","page","type-page","status-publish","hentry"],"jetpack_sharing_enabled":true,"jetpack_shortlink":"https:\/\/wp.me\/Pab3ys-7Q","_links":{"self":[{"href":"https:\/\/prague.wordcamp.org\/2019\/wp-json\/wp\/v2\/pages\/486","targetHints":{"allow":["GET"]}}],"collection":[{"href":"https:\/\/prague.wordcamp.org\/2019\/wp-json\/wp\/v2\/pages"}],"about":[{"href":"https:\/\/prague.wordcamp.org\/2019\/wp-json\/wp\/v2\/types\/page"}],"author":[{"embeddable":true,"href":"https:\/\/prague.wordcamp.org\/2019\/wp-json\/wp\/v2\/users\/9292185"}],"replies":[{"embeddable":true,"href":"https:\/\/prague.wordcamp.org\/2019\/wp-json\/wp\/v2\/comments?post=486"}],"version-history":[{"count":39,"href":"https:\/\/prague.wordcamp.org\/2019\/wp-json\/wp\/v2\/pages\/486\/revisions"}],"predecessor-version":[{"id":7633,"href":"https:\/\/prague.wordcamp.org\/2019\/wp-json\/wp\/v2\/pages\/486\/revisions\/7633"}],"wp:attachment":[{"href":"https:\/\/prague.wordcamp.org\/2019\/wp-json\/wp\/v2\/media?parent=486"}],"curies":[{"name":"wp","href":"https:\/\/api.w.org\/{rel}","templated":true}]}}