{"id":34,"date":"2014-10-24T04:51:31","date_gmt":"2014-10-24T04:51:31","guid":{"rendered":"https:\/\/2015.prague.wordcamp.org\/?page_id=34"},"modified":"2016-02-15T13:53:42","modified_gmt":"2016-02-15T13:53:42","slug":"wordcamp-praha-2015","status":"publish","type":"page","link":"https:\/\/prague.wordcamp.org\/2015\/","title":{"rendered":"WordCamp Praha 2015"},"content":{"rendered":"<div style=\"width: 330px\" class=\"wp-caption alignnone\"><a href=\"https:\/\/2016.prague.wordcamp.org\/\"><img loading=\"lazy\" decoding=\"async\" src=\"https:\/\/2016.prague.wordcamp.org\/files\/2016\/01\/wcamp2016_320x100.jpg\" width=\"320\" height=\"100\" alt=\"WordCamp Praha 2016\" class \/><\/a><p class=\"wp-caption-text\">WordCamp Praha 2016<\/p><\/div>\n<div class=\"boxleft\">\n<p><img loading=\"lazy\" decoding=\"async\" class=\"alignleft wp-image-152 \" src=\"https:\/\/2015.prague.wordcamp.org\/files\/2014\/12\/wordcamp-300x159.png\" alt=\"wordcamp\" width=\"172\" height=\"91\" srcset=\"https:\/\/prague.wordcamp.org\/2015\/files\/2014\/12\/wordcamp-300x159.png 300w, https:\/\/prague.wordcamp.org\/2015\/files\/2014\/12\/wordcamp-500x266.png 500w, https:\/\/prague.wordcamp.org\/2015\/files\/2014\/12\/wordcamp-624x332.png 624w, https:\/\/prague.wordcamp.org\/2015\/files\/2014\/12\/wordcamp.png 860w\" sizes=\"auto, (max-width: 172px) 100vw, 172px\" \/>WordCamp je konference v\u011bnovan\u00e1 redak\u010dn\u00edmu syst\u00e9mu <a title=\"wordpress\" href=\"http:\/\/wordpress.org\" target=\"_blank\">WordPress<\/a> a v\u011bcem spojen\u00fdm s t\u00edmto redak\u010dn\u00edm syst\u00e9mem. Leto\u0161n\u00ed WordCamp je ji\u017e druh\u00fd ro\u010dn\u00edk po\u0159\u00e1dan\u00fd fanou\u0161ky WordPressu <a href=\"http:\/\/naswp.cz\/\" target=\"_blank\">N\u00e1\u0161WP.cz<\/a>, za podpory\u00a0 centr\u00e1ly WordCampu v USA a mnoha <a title=\"sponzori\" href=\"https:\/\/2015.prague.wordcamp.org\/sponzori\/\" target=\"_blank\">sponzor\u016f<\/a>.Konference byla rozd\u011blena na <strong>dv\u011b linie p\u0159edn\u00e1\u0161ek <\/strong>&#8211; pro <strong>u\u017eivatele <\/strong>na stran\u011b jedn\u00e9, a pro <strong> developery<\/strong>, program\u00e1tory a kod\u00e9ry WordPressu, jeho plugin\u016f a \u0161ablon na stran\u011b druh\u00e9.<\/p>\n<p>Program byl p\u0159izp\u016fsoben tomu, aby byl opravdu zaj\u00edmav\u00fd pro v\u0161echny. Tvo\u0159ily ho 45 minutov\u00e9 p\u0159edn\u00e1\u0161ky s n\u00e1sleduj\u00edc\u00ed 15 minutovou p\u0159est\u00e1vkou.<\/p>\n<p>Jednotliv\u00e9 prezentace postupn\u011b p\u0159ib\u00fdvaj\u00ed v sekci <a title=\"Program\" href=\"https:\/\/2015.prague.wordcamp.org\/program\/\" target=\"_blank\">Program<\/a>. Sledujte tak\u00e9 sekci <a title=\"News\" href=\"https:\/\/2015.prague.wordcamp.org\/category\/aktuality\/\" target=\"_blank\">news<\/a> pro aktu\u00e1ln\u00ed informace.<\/p>\n<div style=\"text-align: left\"><strong>Datum kon\u00e1n\u00ed :<\/strong> 28.2.2015<br \/>\n<strong>M\u00edsto:<\/strong>\u00a0\u00a0Vysok\u00e1 \u0161kola ekonomick\u00e1 v Praze (<a href=\"http:\/\/www.mapy.cz\/s\/eOHC\" target=\"_blank\">vchod z Italsk\u00e9 ulice<\/a>)<\/div>\n<div style=\"text-align: right\"><strong><a href=\"https:\/\/www.facebook.com\/wordpresscr\"><img loading=\"lazy\" decoding=\"async\" class=\"alignright wp-image-148 size-full\" src=\"https:\/\/2015.prague.wordcamp.org\/files\/2014\/10\/Facebook_50x50.jpg\" alt=\"Facebook_50x50\" width=\"50\" height=\"50\" \/><\/a><\/strong><\/div>\n<\/div>\n<div class=\"boxright\">\n<p><img loading=\"lazy\" decoding=\"async\" class=\"alignright wp-image-152 \" src=\"https:\/\/2015.prague.wordcamp.org\/files\/2014\/12\/wordcamp-300x159.png\" alt=\"wordcamp\" width=\"172\" height=\"91\" srcset=\"https:\/\/prague.wordcamp.org\/2015\/files\/2014\/12\/wordcamp-300x159.png 300w, https:\/\/prague.wordcamp.org\/2015\/files\/2014\/12\/wordcamp-500x266.png 500w, https:\/\/prague.wordcamp.org\/2015\/files\/2014\/12\/wordcamp-624x332.png 624w, https:\/\/prague.wordcamp.org\/2015\/files\/2014\/12\/wordcamp.png 860w\" sizes=\"auto, (max-width: 172px) 100vw, 172px\" \/>WordCamp is a conference focused on <a title=\"wordpress\" href=\"https:\/\/wordpress.org\/\" target=\"_blank\">WordPress <\/a>publishing system and related topics.\u00a0The WordCamp Prague 2015 is already the second season of the event held by WordPress fans (organized under <a title=\"wordpress komunita\" href=\"http:\/\/NasWP.cz\" target=\"_blank\">NasWP.cz<\/a> website) with WordPress US Foundation and many sponsors support.\u00a0The conference has <strong>two lines of presentations<\/strong> \u2013 the first one <strong>for end users<\/strong> <strong>and bloggers<\/strong> and the second <strong>for WordPress developers and programmers<\/strong>.<\/p>\n<p>The program and the speakers are chosen carefully to be valuable and interesting for the whole audience. Each presentation will take 45 minutes and will be followed by 15 minutes break.<\/p>\n<p>Watch our <a title=\"Program\" href=\"https:\/\/2015.prague.wordcamp.org\/program\/\" target=\"_blank\">program<\/a>\u00a0section with news on presentations and speakers as they are added continuously.<\/p>\n<p><strong>Date :<\/strong> 28.2.2015<br \/>\n<strong>Place:<\/strong>\u00a0The University of Economics (<a href=\"http:\/\/www.mapy.cz\/s\/eOHC\" target=\"_blank\">entrance from Italska street<\/a>)<br \/>\n<a title=\"twitter\" href=\"https:\/\/twitter.com\/WordCampPraha\" target=\"_blank\"><img loading=\"lazy\" decoding=\"async\" class=\"alignleft wp-image-147 size-full\" src=\"https:\/\/2015.prague.wordcamp.org\/files\/2014\/10\/Twitter_50x50.png\" alt=\"Twitter_50x50\" width=\"50\" height=\"50\" \/><\/a><\/p>\n<\/div>\n<h2 style=\"text-align: center\"><\/h2>\n<h2 style=\"text-align: center\">Partners<\/h2>\n<p><img loading=\"lazy\" decoding=\"async\" class=\" size-thumbnail wp-image-274 aligncenter\" src=\"https:\/\/2015.prague.wordcamp.org\/files\/2014\/10\/Logo_FIS-150x150.png\" alt=\"Logo_FIS\" width=\"150\" height=\"150\" srcset=\"https:\/\/prague.wordcamp.org\/2015\/files\/2014\/10\/Logo_FIS-150x150.png 150w, https:\/\/prague.wordcamp.org\/2015\/files\/2014\/10\/Logo_FIS-300x297.png 300w, https:\/\/prague.wordcamp.org\/2015\/files\/2014\/10\/Logo_FIS-303x300.png 303w, https:\/\/prague.wordcamp.org\/2015\/files\/2014\/10\/Logo_FIS-624x618.png 624w, https:\/\/prague.wordcamp.org\/2015\/files\/2014\/10\/Logo_FIS.png 737w\" sizes=\"auto, (max-width: 150px) 100vw, 150px\" \/><img loading=\"lazy\" decoding=\"async\" class=\"aligncenter size-full wp-image-1022\" src=\"https:\/\/2015.prague.wordcamp.org\/files\/2014\/10\/msd-logo.png\" alt=\"msd-logo\" width=\"200\" height=\"105\" \/><\/p>\n<h2 style=\"text-align: center\">Sponsors<\/h2>\n<div class=\"foot-box\">\n<div class=\"third\">\n<h3>Hlavn\u00ed sponzor<\/h3>\n<p><img decoding=\"async\" src=\"https:\/\/2015.prague.wordcamp.org\/files\/2014\/11\/logo-cesky-hosting.jpg\" alt=\"\" \/><\/p>\n<\/div>\n<div class=\"third\">\n<h3>Zlat\u00fd sponzor<\/h3>\n<p><img loading=\"lazy\" decoding=\"async\" class=\"aligncenter size-medium wp-image-117\" src=\"https:\/\/2015.prague.wordcamp.org\/files\/2014\/11\/multilingualpress-300x179.png\" alt=\"multilingualpress\" width=\"300\" height=\"179\" srcset=\"https:\/\/prague.wordcamp.org\/2015\/files\/2014\/11\/multilingualpress-300x179.png 300w, https:\/\/prague.wordcamp.org\/2015\/files\/2014\/11\/multilingualpress-500x300.png 500w, https:\/\/prague.wordcamp.org\/2015\/files\/2014\/11\/multilingualpress-624x374.png 624w, https:\/\/prague.wordcamp.org\/2015\/files\/2014\/11\/multilingualpress.png 1024w\" sizes=\"auto, (max-width: 300px) 100vw, 300px\" \/><\/p>\n<\/div>\n<div class=\"third\">\n<h3>St\u0159\u00edbrn\u00fd sponzor<\/h3>\n<div class=\"boxleft\"><img decoding=\"async\" src=\"https:\/\/2015.prague.wordcamp.org\/files\/2014\/11\/woothemes_logo.png\" alt=\"woothemes\" \/><br \/>\n<img decoding=\"async\" src=\"https:\/\/2015.prague.wordcamp.org\/files\/2014\/11\/iPar\u0165ak-logo-2.png\" alt=\"iPar\u0165ak\" \/><br \/>\n<img decoding=\"async\" src=\"https:\/\/2015.prague.wordcamp.org\/files\/2014\/10\/lynt.png\" alt=\"lynt\" \/><\/div>\n<div class=\"boxright\"><img decoding=\"async\" src=\"https:\/\/2015.prague.wordcamp.org\/files\/2014\/11\/lucidciscus.png\" alt=\"Lucidcircus\" \/><br \/>\n<img decoding=\"async\" src=\"https:\/\/2015.prague.wordcamp.org\/files\/2014\/11\/logo-KTStudio.jpg\" alt=\"KT Studio\" \/><br \/>\n<img decoding=\"async\" src=\"https:\/\/2015.prague.wordcamp.org\/files\/2015\/01\/wrongware.png\" alt=\"wrongware\" \/><\/div>\n<\/div>\n<h2 style=\"text-align: center\">M\u00e9dia partner<\/h2>\n<div align=\"center\"><img loading=\"lazy\" decoding=\"async\" src=\"https:\/\/2015.prague.wordcamp.org\/files\/2015\/02\/msm-logo-cervene-300x44.png\" alt=\"msm-logo-cervene\" width=\"300\" height=\"44\" \/><br \/>\n<img loading=\"lazy\" decoding=\"async\" class=\"alignnone size-medium wp-image-846\" src=\"https:\/\/2015.prague.wordcamp.org\/files\/2014\/10\/webtrh-300x100.png\" alt=\"webtrh\" width=\"300\" height=\"100\" \/><br \/>\n<img loading=\"lazy\" decoding=\"async\" class=\" wp-image-537 \" src=\"https:\/\/2015.prague.wordcamp.org\/files\/2015\/01\/mediar.png\" alt=\"mediar-pruhledny\" width=\"124\" height=\"25\" \/> <img loading=\"lazy\" decoding=\"async\" class=\" size-full wp-image-574 \" src=\"https:\/\/2015.prague.wordcamp.org\/files\/2014\/10\/cwordpress.jpg\" alt=\"cwordpress\" width=\"137\" height=\"30\" \/><br \/>\n<img loading=\"lazy\" decoding=\"async\" class=\"alignnone size-medium wp-image-823\" src=\"https:\/\/2015.prague.wordcamp.org\/files\/2014\/10\/logo-na-vysku-300x179.png\" alt=\"logo-na-vysku\" width=\"300\" height=\"179\" srcset=\"https:\/\/prague.wordcamp.org\/2015\/files\/2014\/10\/logo-na-vysku-300x179.png 300w, https:\/\/prague.wordcamp.org\/2015\/files\/2014\/10\/logo-na-vysku-1024x612.png 1024w, https:\/\/prague.wordcamp.org\/2015\/files\/2014\/10\/logo-na-vysku-500x300.png 500w, https:\/\/prague.wordcamp.org\/2015\/files\/2014\/10\/logo-na-vysku-624x373.png 624w\" sizes=\"auto, (max-width: 300px) 100vw, 300px\" \/><\/div>\n<p><!-- WordPress sponzors --><\/p>\n<div class=\"foot-box\">\n<div class=\"third\">\n<h3>WordCamp Accomplice<\/h3>\n<div class=\"boxleft\"><a class=\"sponsor-logo\" href=\"https:\/\/2015.prague.wordcamp.org\/sponsor\/wpml\/\">WPML<\/a><\/div>\n<div class=\"boxright\"><a class=\"sponsor-logo\" href=\"https:\/\/2015.prague.wordcamp.org\/sponsor\/dreamhost\/\">DreamHost<\/a><\/div>\n<\/div>\n<div class=\"third\">\n<h3>WordCamp Champion<\/h3>\n<div class=\"boxleft\"><a class=\"sponsor-logo\" href=\"https:\/\/2015.prague.wordcamp.org\/sponsor\/code-poet\/\">Code Poet<\/a><\/div>\n<div class=\"boxright\"><\/div>\n<\/div>\n<div class=\"third\">\n<h3>WordCamp Pillar<\/h3>\n<div class=\"boxleft\"><a class=\"sponsor-logo\" href=\"https:\/\/2015.prague.wordcamp.org\/sponsor\/bluehost\/\">Bluehost<\/a><\/div>\n<div class=\"boxright\"><a class=\"sponsor-logo\" href=\"https:\/\/2015.prague.wordcamp.org\/sponsor\/media-temple\/\">Media Temple<\/a><\/div>\n<\/div>\n<\/div>\n<\/div>\n","protected":false},"excerpt":{"rendered":"<p>WordCamp je konference v\u011bnovan\u00e1 redak\u010dn\u00edmu syst\u00e9mu WordPress a v\u011bcem spojen\u00fdm s t\u00edmto redak\u010dn\u00edm syst\u00e9mem. Leto\u0161n\u00ed WordCamp je ji\u017e druh\u00fd ro\u010dn\u00edk po\u0159\u00e1dan\u00fd fanou\u0161ky WordPressu N\u00e1\u0161WP.cz, za podpory\u00a0 centr\u00e1ly WordCampu v USA a mnoha sponzor\u016f.Konference byla rozd\u011blena na dv\u011b linie p\u0159edn\u00e1\u0161ek &#8211; pro u\u017eivatele na stran\u011b jedn\u00e9, a pro developery, program\u00e1tory a kod\u00e9ry WordPressu, jeho plugin\u016f a [&hellip;]<\/p>\n","protected":false},"author":10216978,"featured_media":0,"parent":0,"menu_order":0,"comment_status":"closed","ping_status":"closed","template":"page-templates\/full-width.php","meta":{"_crdt_document":"","jetpack_post_was_ever_published":false,"footnotes":""},"class_list":["post-34","page","type-page","status-publish","hentry"],"jetpack_sharing_enabled":true,"jetpack-related-posts":[],"_links":{"self":[{"href":"https:\/\/prague.wordcamp.org\/2015\/wp-json\/wp\/v2\/pages\/34","targetHints":{"allow":["GET"]}}],"collection":[{"href":"https:\/\/prague.wordcamp.org\/2015\/wp-json\/wp\/v2\/pages"}],"about":[{"href":"https:\/\/prague.wordcamp.org\/2015\/wp-json\/wp\/v2\/types\/page"}],"author":[{"embeddable":true,"href":"https:\/\/prague.wordcamp.org\/2015\/wp-json\/wp\/v2\/users\/10216978"}],"replies":[{"embeddable":true,"href":"https:\/\/prague.wordcamp.org\/2015\/wp-json\/wp\/v2\/comments?post=34"}],"version-history":[{"count":54,"href":"https:\/\/prague.wordcamp.org\/2015\/wp-json\/wp\/v2\/pages\/34\/revisions"}],"predecessor-version":[{"id":1287,"href":"https:\/\/prague.wordcamp.org\/2015\/wp-json\/wp\/v2\/pages\/34\/revisions\/1287"}],"wp:attachment":[{"href":"https:\/\/prague.wordcamp.org\/2015\/wp-json\/wp\/v2\/media?parent=34"}],"curies":[{"name":"wp","href":"https:\/\/api.w.org\/{rel}","templated":true}]}}