{"id":735130,"date":"2018-06-01T16:54:54","date_gmt":"2018-06-01T16:54:54","guid":{"rendered":"https:\/\/2014.prague.wordcamp.org\/?page_id=735130"},"modified":"2018-06-01T16:54:54","modified_gmt":"2018-06-01T16:54:54","slug":"kde-najdu-videa-prezentace-a-fotky","status":"publish","type":"page","link":"https:\/\/prague.wordcamp.org\/2014\/","title":{"rendered":"Kde najdu videa, prezentace a fotky"},"content":{"rendered":"\r\n<p class=\"wp-block-paragraph\">Fotky z WordCamp Praha 2014 najdete zde  <a href=\"https:\/\/2014.prague.wordcamp.org\/fotky\/\">FOTKY<\/a><\/p>\r\n\r\n<p class=\"wp-block-paragraph\">Videa (playlist) z WordCamp Praha 2014 zajdete na youtubu zde: <a href=\"https:\/\/www.youtube.com\/playlist?list=PL4mDPhqGGoMMf2pxWF7VGROAM_L-gdTD1\">VIDEA<\/a><\/p>\r\n\r\n<p class=\"wp-block-paragraph\">Samotn\u00e9 prezentace od p\u0159edn\u00e1\u0161ej\u00edc\u00edch najdete na tomto webu zde <a href=\"https:\/\/2014.prague.wordcamp.org\/prezentace\/\">PREZENTACE<\/a><\/p>\r\n\r\n<p class=\"wp-block-paragraph\"><br \/>WordCamp Praho prob\u00edh\u00e1 ka\u017ed\u00fd rok, na dal\u0161\u00ed zaj\u00edmav\u00e9 videa, prezentace a fotky pod\u00edvejte se na dal\u0161\u00ed ro\u010dn\u00edky:<\/p>\r\n\r\n<p>&nbsp;<\/p>\r\n\r\n<ul class=\"wp-block-list\">\r\n<li><a href=\"https:\/\/2015.prague.wordcamp.org\/\">WordCamp praha 2015<\/a><\/li>\r\n<li><a href=\"https:\/\/2016.prague.wordcamp.org\/\">WordCamp Praha 2016<\/a><\/li>\r\n<li><a href=\"http:\/\/2017.prague.wordcamp.org\/\">WordCamp Praha 2017<\/a><\/li>\r\n<li><a href=\"https:\/\/2018.prague.wordcamp.org\/\">WordCamp Praha 2018<\/a><\/li>\r\n<\/ul>\r\n\r\n<p>&nbsp;<\/p>\r\n\r\n<p class=\"wp-block-paragraph\">&nbsp;<\/p>\r\n","protected":false},"excerpt":{"rendered":"<p>Fotky z WordCamp Praha 2014 najdete zde FOTKY Videa (playlist) z WordCamp Praha 2014 zajdete na youtubu zde: VIDEA Samotn\u00e9 prezentace od p\u0159edn\u00e1\u0161ej\u00edc\u00edch najdete na tomto webu zde PREZENTACE WordCamp Praho prob\u00edh\u00e1 ka\u017ed\u00fd rok, na dal\u0161\u00ed zaj\u00edmav\u00e9 videa, prezentace a fotky pod\u00edvejte se na dal\u0161\u00ed ro\u010dn\u00edky: &nbsp; WordCamp praha 2015 WordCamp Praha 2016 WordCamp Praha &hellip; <a href=\"https:\/\/prague.wordcamp.org\/2014\/\" class=\"more-link\">Pokra\u010dova\u0165 na <span class=\"screen-reader-text\">Kde najdu videa, prezentace a fotky<\/span> <span class=\"meta-nav\">&rarr;<\/span><\/a><\/p>\n","protected":false},"author":3999955,"featured_media":0,"parent":0,"menu_order":0,"comment_status":"closed","ping_status":"closed","template":"","meta":{"_crdt_document":"","jetpack_post_was_ever_published":false,"footnotes":""},"class_list":["post-735130","page","type-page","status-publish","hentry"],"jetpack_sharing_enabled":true,"_links":{"self":[{"href":"https:\/\/prague.wordcamp.org\/2014\/wp-json\/wp\/v2\/pages\/735130","targetHints":{"allow":["GET"]}}],"collection":[{"href":"https:\/\/prague.wordcamp.org\/2014\/wp-json\/wp\/v2\/pages"}],"about":[{"href":"https:\/\/prague.wordcamp.org\/2014\/wp-json\/wp\/v2\/types\/page"}],"author":[{"embeddable":true,"href":"https:\/\/prague.wordcamp.org\/2014\/wp-json\/wp\/v2\/users\/3999955"}],"replies":[{"embeddable":true,"href":"https:\/\/prague.wordcamp.org\/2014\/wp-json\/wp\/v2\/comments?post=735130"}],"version-history":[{"count":1,"href":"https:\/\/prague.wordcamp.org\/2014\/wp-json\/wp\/v2\/pages\/735130\/revisions"}],"predecessor-version":[{"id":735131,"href":"https:\/\/prague.wordcamp.org\/2014\/wp-json\/wp\/v2\/pages\/735130\/revisions\/735131"}],"wp:attachment":[{"href":"https:\/\/prague.wordcamp.org\/2014\/wp-json\/wp\/v2\/media?parent=735130"}],"curies":[{"name":"wp","href":"https:\/\/api.w.org\/{rel}","templated":true}]}}