{"id":463297,"date":"2014-02-25T21:16:58","date_gmt":"2014-02-25T21:16:58","guid":{"rendered":"https:\/\/2014.prague.wordcamp.org\/?page_id=463297"},"modified":"2014-03-07T14:08:43","modified_gmt":"2014-03-07T14:08:43","slug":"prezentace","status":"publish","type":"page","link":"https:\/\/prague.wordcamp.org\/2014\/prezentace\/","title":{"rendered":"Prezentace"},"content":{"rendered":"<p><strong>&#8211; U\u017eivatelsk\u00e1 \u010d\u00e1st &#8211;<br \/>\n<\/strong><\/p>\n<p><strong>1. Radek Ku\u010dera &#8211; Tvorba jednoduch\u00fdch firemn\u00edch web\u016f na WordPressu + \u00favod <\/strong><strong><br \/>\n<\/strong><\/p>\n<iframe src='https:\/\/www.slideshare.net\/slideshow\/embed_code\/31539653' width='604' height='495' sandbox=\"allow-popups allow-scripts allow-same-origin allow-presentation\" allowfullscreen webkitallowfullscreen mozallowfullscreen><\/iframe>\n<p>&nbsp;<\/p>\n<p><strong>2. Tom\u00e1\u0161 Poner &#8211; WordPress a affiliate<\/strong><\/p>\n<iframe src='https:\/\/www.slideshare.net\/slideshow\/embed_code\/31544696' width='604' height='495' sandbox=\"allow-popups allow-scripts allow-same-origin allow-presentation\" allowfullscreen webkitallowfullscreen mozallowfullscreen><\/iframe>\n<p>&nbsp;<\/p>\n<p><strong>3. Vlastimil Ott &#8211; X n\u00e1pad\u016f pro podnik\u00e1n\u00ed s WP<\/strong><\/p>\n<iframe src='https:\/\/www.slideshare.net\/slideshow\/embed_code\/31543530' width='604' height='495' sandbox=\"allow-popups allow-scripts allow-same-origin allow-presentation\" allowfullscreen webkitallowfullscreen mozallowfullscreen><\/iframe>\n<p>&nbsp;<\/p>\n<p><strong>4. Agnes Bury &#8211; Going global, how to make your WordPress site multilingual<\/strong><\/p>\n<iframe src='https:\/\/www.slideshare.net\/slideshow\/embed_code\/31656590' width='604' height='495' sandbox=\"allow-popups allow-scripts allow-same-origin allow-presentation\" allowfullscreen webkitallowfullscreen mozallowfullscreen><\/iframe>\n<p>&nbsp;<\/p>\n<p><strong>5. Tom\u00e1\u0161 Cirkl &#8211; Licence k \u0161ablon\u00e1m a plugin\u016fm<\/strong><\/p>\n<iframe src='https:\/\/www.slideshare.net\/slideshow\/embed_code\/31531520' width='604' height='495' sandbox=\"allow-popups allow-scripts allow-same-origin allow-presentation\" allowfullscreen webkitallowfullscreen mozallowfullscreen><\/iframe>\n<p>&nbsp;<\/p>\n<p><strong>6. Pavel Hejn, Peter Nemcok, Tom\u00e1\u0161 Poner, Radek Ku\u010dera &#8211; WordPress, \u010de\u0161tina, komunita<br \/>\n<\/strong><\/p>\n<iframe loading=\"lazy\" src=\"https:\/\/docs.google.com\/presentation\/d\/1YzpGWM0sCU2yC9d8S1ya7H2na3JxmEHYifGLiitZdts\/embed?start=false&#038;loop=false&#038;delayms=3000\" frameborder=\"0\" width=\"604\" height=\"569\" marginheight=\"0\" marginwidth=\"0\" allowfullscreen=\"true\" mozallowfullscreen=\"true\" webkitallowfullscreen=\"true\"><\/iframe>\n<p>&nbsp;<\/p>\n<p><strong>7. Marek Prokop &#8211; Co jsem se nau\u010dil za 10 let blogov\u00e1n\u00ed a co z toho mohu za 45 minut nau\u010dit i v\u00e1s<br \/>\n<\/strong><br \/>\nBez prezentace<br \/>\n<strong>8. Pavel Ungr &#8211; WordPress a SEO<br \/>\n<\/strong><br \/>\n<iframe src='https:\/\/www.slideshare.net\/slideshow\/embed_code\/31540170' width='604' height='495' sandbox=\"allow-popups allow-scripts allow-same-origin allow-presentation\" allowfullscreen webkitallowfullscreen mozallowfullscreen><\/iframe><\/p>\n<p>&nbsp;<\/p>\n<p><strong>&#8211; Developersk\u00e1 \u010d\u00e1st &#8211;<br \/>\n<\/strong><\/p>\n<p><strong>1. Vladislav Mus\u00edlek \u2013 Custom Post Types<\/strong><\/p>\n<iframe src='https:\/\/www.slideshare.net\/slideshow\/embed_code\/31536363' width='604' height='495' sandbox=\"allow-popups allow-scripts allow-same-origin allow-presentation\" allowfullscreen webkitallowfullscreen mozallowfullscreen><\/iframe>\n<p><strong>2. Jan Kvasni\u010dka \u2013 Premium \u0161ablona v\u017edy neznamen\u00e1 nejvy\u0161\u0161\u00ed kvalitu z pohledu pou\u017eitelnosti<\/strong><\/p>\n<iframe src='https:\/\/www.slideshare.net\/slideshow\/embed_code\/31559180' width='604' height='495' sandbox=\"allow-popups allow-scripts allow-same-origin allow-presentation\" allowfullscreen webkitallowfullscreen mozallowfullscreen><\/iframe>\n<p><strong>3.1 Borek Bernard \u2013 VersionPress<\/strong><\/p>\n<iframe src='https:\/\/www.slideshare.net\/slideshow\/embed_code\/31641505' width='604' height='495' sandbox=\"allow-popups allow-scripts allow-same-origin allow-presentation\" allowfullscreen webkitallowfullscreen mozallowfullscreen><\/iframe>\n<p><strong>3.2 Noel Tock \u2013 Designing web applications<\/strong><\/p>\n<p><a title=\"https:\/\/speakerdeck.com\/noeltock\/designing-web-applications\" href=\"https:\/\/speakerdeck.com\/noeltock\/designing-web-applications\" target=\"_blank\">https:\/\/speakerdeck.com\/noeltock\/designing-web-applications<\/a><\/p>\n<p><strong><strong>4. David Binda \u2013 WordPress s vysokou n\u00e1v\u0161t\u011bvnost\u00ed<\/strong><br \/>\n<\/strong><\/p>\n<p>&nbsp;<\/p>\n<p><strong>5. Martin Mich\u00e1lek \u2013 CSS preprocesory<\/strong><\/p>\n<iframe src='https:\/\/www.slideshare.net\/slideshow\/embed_code\/31517611' width='604' height='495' sandbox=\"allow-popups allow-scripts allow-same-origin allow-presentation\" allowfullscreen webkitallowfullscreen mozallowfullscreen><\/iframe>\n<p><strong>6. J\u00e1n Bo\u010d\u00ednec \u2013 JavaScript a AJAX vo WordPress<\/strong><\/p>\n<p><a title=\"http:\/\/www.webikon.sk\/javascript-ajax-wordpress\/\" href=\"http:\/\/www.webikon.sk\/javascript-ajax-wordpress\/\" target=\"_blank\">http:\/\/www.webikon.sk\/javascript-ajax-wordpress\/<\/a><\/p>\n<p><strong>7. Peter Gramantik \u2013 Website security a WordPress<\/strong><\/p>\n<iframe src='https:\/\/www.slideshare.net\/slideshow\/embed_code\/31929256' width='604' height='495' sandbox=\"allow-popups allow-scripts allow-same-origin allow-presentation\" allowfullscreen webkitallowfullscreen mozallowfullscreen><\/iframe>\n<p><strong>8. Tom Eagles \u2013 WordPress multisite The Pros and Cons<\/strong><\/p>\n<p><a title=\"https:\/\/2014.prague.wordcamp.org\/files\/2014\/02\/Tom_Eagles-WPMU.pdf\" href=\"https:\/\/2014.prague.wordcamp.org\/files\/2014\/02\/Tom_Eagles-WPMU.pdf\" target=\"_blank\">https:\/\/2014.prague.wordcamp.org\/files\/2014\/02\/Tom_Eagles-WPMU.pdf<\/a><\/p>\n","protected":false},"excerpt":{"rendered":"<p>&#8211; U\u017eivatelsk\u00e1 \u010d\u00e1st &#8211; 1. Radek Ku\u010dera &#8211; Tvorba jednoduch\u00fdch firemn\u00edch web\u016f na WordPressu + \u00favod &nbsp; 2. Tom\u00e1\u0161 Poner &#8211; WordPress a affiliate &nbsp; 3. Vlastimil Ott &#8211; X n\u00e1pad\u016f pro podnik\u00e1n\u00ed s WP &nbsp; 4. Agnes Bury &#8211; Going global, how to make your WordPress site multilingual &nbsp; 5. Tom\u00e1\u0161 Cirkl &#8211; Licence &hellip; <a href=\"https:\/\/prague.wordcamp.org\/2014\/prezentace\/\" class=\"more-link\">Pokra\u010dova\u0165 na <span class=\"screen-reader-text\">Prezentace<\/span> <span class=\"meta-nav\">&rarr;<\/span><\/a><\/p>\n","protected":false},"author":13473298,"featured_media":0,"parent":0,"menu_order":0,"comment_status":"closed","ping_status":"closed","template":"","meta":{"_crdt_document":"","jetpack_post_was_ever_published":false,"footnotes":""},"class_list":["post-463297","page","type-page","status-publish","hentry"],"jetpack_sharing_enabled":true,"_links":{"self":[{"href":"https:\/\/prague.wordcamp.org\/2014\/wp-json\/wp\/v2\/pages\/463297","targetHints":{"allow":["GET"]}}],"collection":[{"href":"https:\/\/prague.wordcamp.org\/2014\/wp-json\/wp\/v2\/pages"}],"about":[{"href":"https:\/\/prague.wordcamp.org\/2014\/wp-json\/wp\/v2\/types\/page"}],"author":[{"embeddable":true,"href":"https:\/\/prague.wordcamp.org\/2014\/wp-json\/wp\/v2\/users\/13473298"}],"replies":[{"embeddable":true,"href":"https:\/\/prague.wordcamp.org\/2014\/wp-json\/wp\/v2\/comments?post=463297"}],"version-history":[{"count":10,"href":"https:\/\/prague.wordcamp.org\/2014\/wp-json\/wp\/v2\/pages\/463297\/revisions"}],"predecessor-version":[{"id":515692,"href":"https:\/\/prague.wordcamp.org\/2014\/wp-json\/wp\/v2\/pages\/463297\/revisions\/515692"}],"wp:attachment":[{"href":"https:\/\/prague.wordcamp.org\/2014\/wp-json\/wp\/v2\/media?parent=463297"}],"curies":[{"name":"wp","href":"https:\/\/api.w.org\/{rel}","templated":true}]}}